Last updated on 2024-06-04 19:47:51 CEST.
Flavor | Version | Tinstall | Tcheck | Ttotal | Status | Flags |
---|---|---|---|---|---|---|
r-devel-linux-x86_64-debian-clang | 0.3 | 28.08 | 66.36 | 94.44 | OK | |
r-devel-linux-x86_64-debian-gcc | 0.3 | 22.05 | 46.74 | 68.79 | OK | |
r-devel-linux-x86_64-fedora-clang | 0.3 | 112.70 | NOTE | |||
r-devel-linux-x86_64-fedora-gcc | 0.3 | 122.52 | OK | |||
r-devel-windows-x86_64 | 0.3 | 25.00 | 70.00 | 95.00 | OK | |
r-patched-linux-x86_64 | 0.3 | 24.50 | 64.48 | 88.98 | OK | |
r-release-linux-x86_64 | 0.3 | 26.87 | 64.15 | 91.02 | OK | |
r-release-macos-arm64 | 0.3 | 41.00 | OK | |||
r-release-macos-x86_64 | 0.3 | 81.00 | OK | |||
r-release-windows-x86_64 | 0.3 | 24.00 | 69.00 | 93.00 | OK | |
r-oldrel-macos-arm64 | 0.3 | 48.00 | OK | |||
r-oldrel-macos-x86_64 | 0.3 | 80.00 | OK | |||
r-oldrel-windows-x86_64 | 0.3 | 30.00 | 79.00 | 109.00 | OK |
Version: 0.3
Check: installed package size
Result: NOTE
installed size is 10.3Mb
sub-directories of 1Mb or more:
libs 10.0Mb
Flavor: r-devel-linux-x86_64-fedora-clang