CRAN Package Check Results for Package heddlr

Last updated on 2025-05-14 08:52:01 CEST.

Flavor Version Tinstall Tcheck Ttotal Status Flags
r-devel-linux-x86_64-debian-clang 0.6.0 1.79 29.78 31.57 OK
r-devel-linux-x86_64-debian-gcc 0.6.0 1.66 23.50 25.16 OK
r-devel-linux-x86_64-fedora-clang 0.6.0 50.25 OK
r-devel-linux-x86_64-fedora-gcc 0.6.0 62.77 OK
r-devel-windows-x86_64 0.6.0 3.00 53.00 56.00 OK
r-patched-linux-x86_64 0.6.0 2.43 28.16 30.59 OK
r-release-linux-x86_64 0.6.0 2.12 28.15 30.27 OK
r-release-macos-arm64 0.6.0 27.00 OK
r-release-macos-x86_64 0.6.0 50.00 OK
r-release-windows-x86_64 0.6.0 3.00 52.00 55.00 OK
r-oldrel-macos-arm64 0.6.0 25.00 NOTE
r-oldrel-macos-x86_64 0.6.0 42.00 NOTE
r-oldrel-windows-x86_64 0.6.0 4.00 59.00 63.00 NOTE

Check Details

Version: 0.6.0
Check: LazyData
Result: NOTE 'LazyData' is specified without a 'data' directory Flavors: r-oldrel-macos-arm64, r-oldrel-macos-x86_64, r-oldrel-windows-x86_64