Last updated on 2024-06-04 19:47:51 CEST.
Flavor | Version | Tinstall | Tcheck | Ttotal | Status | Flags |
---|---|---|---|---|---|---|
r-devel-linux-x86_64-debian-clang | 1.6.15 | 193.81 | 51.74 | 245.55 | NOTE | |
r-devel-linux-x86_64-debian-gcc | 1.6.15 | 121.95 | 38.45 | 160.40 | NOTE | |
r-devel-linux-x86_64-fedora-clang | 1.6.15 | 368.62 | NOTE | |||
r-devel-linux-x86_64-fedora-gcc | 1.6.15 | 361.11 | NOTE | |||
r-devel-windows-x86_64 | 1.6.15 | 200.00 | 88.00 | 288.00 | NOTE | |
r-patched-linux-x86_64 | 1.6.15 | 148.65 | 49.01 | 197.66 | NOTE | |
r-release-linux-x86_64 | 1.6.15 | 150.66 | 49.95 | 200.61 | NOTE | |
r-release-macos-arm64 | 1.6.15 | 137.00 | NOTE | |||
r-release-macos-x86_64 | 1.6.15 | 216.00 | NOTE | |||
r-release-windows-x86_64 | 1.6.15 | 193.00 | 89.00 | 282.00 | NOTE | |
r-oldrel-macos-arm64 | 1.6.15 | 144.00 | NOTE | |||
r-oldrel-macos-x86_64 | 1.6.15 | 179.00 | NOTE | |||
r-oldrel-windows-x86_64 | 1.6.15 | 234.00 | 101.00 | 335.00 | NOTE |
Version: 1.6.15
Check: for GNU extensions in Makefiles
Result: NOTE
GNU make is a SystemRequirements.
Flavors: r-devel-linux-x86_64-debian-clang, r-devel-linux-x86_64-debian-gcc, r-devel-linux-x86_64-fedora-clang, r-devel-linux-x86_64-fedora-gcc, r-devel-windows-x86_64, r-patched-linux-x86_64, r-release-linux-x86_64, r-release-macos-arm64, r-release-macos-x86_64, r-release-windows-x86_64, r-oldrel-macos-arm64, r-oldrel-macos-x86_64, r-oldrel-windows-x86_64
Version: 1.6.15
Check: installed package size
Result: NOTE
installed size is 9.0Mb
sub-directories of 1Mb or more:
libs 8.6Mb
Flavors: r-release-macos-arm64, r-release-macos-x86_64, r-oldrel-macos-arm64, r-oldrel-macos-x86_64