Last updated on 2024-06-04 19:47:51 CEST.
Flavor | Version | Tinstall | Tcheck | Ttotal | Status | Flags |
---|---|---|---|---|---|---|
r-devel-linux-x86_64-debian-clang | 2.3.1 | 116.90 | 34.14 | 151.04 | OK | |
r-devel-linux-x86_64-debian-gcc | 2.3.1 | 79.78 | 25.24 | 105.02 | OK | |
r-devel-linux-x86_64-fedora-clang | 2.3.1 | 170.30 | OK | |||
r-devel-linux-x86_64-fedora-gcc | 2.3.1 | 208.45 | OK | |||
r-devel-windows-x86_64 | 2.3.1 | 74.00 | 70.00 | 144.00 | OK | |
r-patched-linux-x86_64 | 2.3.1 | 92.80 | 31.29 | 124.09 | OK | |
r-release-linux-x86_64 | 2.3.1 | 94.09 | 32.39 | 126.48 | OK | |
r-release-macos-arm64 | 2.3.1 | 38.00 | NOTE | |||
r-release-macos-x86_64 | 2.3.1 | 71.00 | NOTE | |||
r-release-windows-x86_64 | 2.3.1 | 75.00 | 69.00 | 144.00 | OK | |
r-oldrel-macos-arm64 | 2.3.1 | 52.00 | NOTE | |||
r-oldrel-macos-x86_64 | 2.3.1 | 67.00 | NOTE | |||
r-oldrel-windows-x86_64 | 2.3.1 | 74.00 | 80.00 | 154.00 | OK |
Version: 2.3.1
Check: installed package size
Result: NOTE
installed size is 7.8Mb
sub-directories of 1Mb or more:
libs 7.7Mb
Flavors: r-release-macos-arm64, r-release-macos-x86_64, r-oldrel-macos-arm64, r-oldrel-macos-x86_64