Last updated on 2025-05-10 08:50:40 CEST.
Flavor | Version | Tinstall | Tcheck | Ttotal | Status | Flags |
---|---|---|---|---|---|---|
r-devel-linux-x86_64-debian-clang | 5.6.0 | 13.55 | 190.77 | 204.32 | OK | |
r-devel-linux-x86_64-debian-gcc | 5.6.0 | 9.80 | 128.62 | 138.42 | OK | |
r-devel-linux-x86_64-fedora-clang | 5.6.0 | 339.22 | NOTE | |||
r-devel-linux-x86_64-fedora-gcc | 5.6.0 | 343.87 | NOTE | |||
r-devel-windows-x86_64 | 5.6.0 | 17.00 | 216.00 | 233.00 | OK | |
r-patched-linux-x86_64 | 5.6.0 | 16.06 | 177.78 | 193.84 | OK | |
r-release-linux-x86_64 | 5.6.0 | 13.05 | 179.96 | 193.01 | OK | |
r-release-macos-arm64 | 5.6.0 | 96.00 | OK | |||
r-release-macos-x86_64 | 5.6.0 | 170.00 | OK | |||
r-release-windows-x86_64 | 5.6.0 | 18.00 | 216.00 | 234.00 | OK | |
r-oldrel-macos-arm64 | 5.6.0 | 75.00 | OK | |||
r-oldrel-macos-x86_64 | 5.6.0 | 154.00 | OK | |||
r-oldrel-windows-x86_64 | 5.6.0 | 22.00 | 268.00 | 290.00 | OK |
Version: 5.6.0
Check: dependencies in R code
Result: NOTE
Namespaces in Imports field not imported from:
‘R6’ ‘xml2’
All declared Imports should be used.
Flavors: r-devel-linux-x86_64-fedora-clang, r-devel-linux-x86_64-fedora-gcc