Last updated on 2025-02-17 08:50:52 CET.
Flavor | Version | Tinstall | Tcheck | Ttotal | Status | Flags |
---|---|---|---|---|---|---|
r-devel-linux-x86_64-debian-clang | 0.1.0 | 3.26 | 28.77 | 32.03 | OK | |
r-devel-linux-x86_64-debian-gcc | 0.1.0 | 2.79 | 22.48 | 25.27 | OK | |
r-devel-linux-x86_64-fedora-clang | 0.1.0 | 54.60 | OK | |||
r-devel-linux-x86_64-fedora-gcc | 0.1.0 | 63.50 | OK | |||
r-devel-macos-arm64 | 0.1.0 | 28.00 | OK | |||
r-devel-macos-x86_64 | 0.1.0 | 48.00 | OK | |||
r-devel-windows-x86_64 | 0.1.0 | 5.00 | 49.00 | 54.00 | OK | |
r-patched-linux-x86_64 | 0.1.0 | 3.49 | 27.71 | 31.20 | OK | |
r-release-linux-x86_64 | 0.1.0 | 3.49 | 28.28 | 31.77 | OK | |
r-release-macos-arm64 | 0.1.0 | 26.00 | OK | |||
r-release-macos-x86_64 | 0.1.0 | 39.00 | NOTE | |||
r-release-windows-x86_64 | 0.1.0 | 6.00 | 53.00 | 59.00 | OK | |
r-oldrel-macos-arm64 | 0.1.0 | 27.00 | OK | |||
r-oldrel-macos-x86_64 | 0.1.0 | 41.00 | NOTE | |||
r-oldrel-windows-x86_64 | 0.1.0 | 6.00 | 75.00 | 81.00 | OK |
Version: 0.1.0
Check: installed package size
Result: NOTE
installed size is 5.0Mb
sub-directories of 1Mb or more:
data 4.4Mb
Flavors: r-release-macos-x86_64, r-oldrel-macos-x86_64