CRAN Package Check Results for Package ibmAcousticR

Last updated on 2025-02-17 08:50:52 CET.

Flavor Version Tinstall Tcheck Ttotal Status Flags
r-devel-linux-x86_64-debian-clang 0.2.1 2.64 24.28 26.92 OK
r-devel-linux-x86_64-debian-gcc 0.2.1 1.94 19.13 21.07 OK
r-devel-linux-x86_64-fedora-clang 0.2.1 43.72 OK
r-devel-linux-x86_64-fedora-gcc 0.2.1 40.74 OK
r-devel-macos-arm64 0.2.1 18.00 OK
r-devel-macos-x86_64 0.2.1 29.00 OK
r-devel-windows-x86_64 0.2.1 4.00 46.00 50.00 OK
r-patched-linux-x86_64 0.2.1 2.57 23.35 25.92 NOTE
r-release-linux-x86_64 0.2.1 2.40 23.29 25.69 NOTE
r-release-macos-arm64 0.2.1 18.00 NOTE
r-release-macos-x86_64 0.2.1 24.00 NOTE
r-release-windows-x86_64 0.2.1 4.00 47.00 51.00 NOTE
r-oldrel-macos-arm64 0.2.1 18.00 NOTE
r-oldrel-macos-x86_64 0.2.1 27.00 NOTE
r-oldrel-windows-x86_64 0.2.1 5.00 49.00 54.00 NOTE

Check Details

Version: 0.2.1
Check: LazyData
Result: NOTE 'LazyData' is specified without a 'data' directory Flavors: r-patched-linux-x86_64, r-release-linux-x86_64, r-release-macos-arm64, r-release-macos-x86_64, r-release-windows-x86_64, r-oldrel-macos-arm64, r-oldrel-macos-x86_64, r-oldrel-windows-x86_64