Last updated on 2025-02-25 08:51:46 CET.
Flavor | Version | Tinstall | Tcheck | Ttotal | Status | Flags |
---|---|---|---|---|---|---|
r-devel-linux-x86_64-debian-clang | 0.1-62 | 10.77 | 91.07 | 101.84 | NOTE | |
r-devel-linux-x86_64-debian-gcc | 0.1-62 | 6.82 | 64.19 | 71.01 | NOTE | |
r-devel-linux-x86_64-fedora-clang | 0.1-62 | 161.00 | NOTE | |||
r-devel-linux-x86_64-fedora-gcc | 0.1-62 | 166.89 | NOTE | |||
r-devel-macos-arm64 | 0.1-62 | 52.00 | NOTE | |||
r-devel-macos-x86_64 | 0.1-62 | 93.00 | NOTE | |||
r-devel-windows-x86_64 | 0.1-62 | 13.00 | 111.00 | 124.00 | NOTE | |
r-patched-linux-x86_64 | 0.1-62 | 19.69 | 86.00 | 105.69 | NOTE | |
r-release-linux-x86_64 | 0.1-62 | 11.36 | 84.68 | 96.04 | NOTE | |
r-release-macos-arm64 | 0.1-62 | 53.00 | NOTE | |||
r-release-macos-x86_64 | 0.1-62 | 75.00 | NOTE | |||
r-release-windows-x86_64 | 0.1-62 | 12.00 | 111.00 | 123.00 | NOTE | |
r-oldrel-macos-arm64 | 0.1-62 | OK | ||||
r-oldrel-macos-x86_64 | 0.1-62 | 89.00 | OK | |||
r-oldrel-windows-x86_64 | 0.1-62 | 16.00 | 131.00 | 147.00 | OK |
Version: 0.1-62
Check: Rd files
Result: NOTE
checkRd: (-1) fitSpline.Rd:109: Lost braces
109 | \code{response} and it will have the same order of code{x} as \code{data}.
| ^
Flavors: r-devel-linux-x86_64-debian-clang, r-devel-linux-x86_64-debian-gcc, r-devel-linux-x86_64-fedora-clang, r-devel-linux-x86_64-fedora-gcc, r-devel-macos-arm64, r-devel-macos-x86_64, r-devel-windows-x86_64, r-patched-linux-x86_64, r-release-linux-x86_64, r-release-macos-arm64, r-release-macos-x86_64, r-release-windows-x86_64
Version: 0.1-62
Check: Rd cross-references
Result: NOTE
Found the following Rd file(s) with Rd \link{} targets missing package
anchors:
anomPlot.Rd: ggplot
corrPlot.Rd: ggplot
imagetimesPlot.Rd: ggplot
longiPlot.Rd: ggplot, labeller
probeDF.Rd: ggplot
Please provide package anchors for all Rd \link{} targets not in the
package itself and the base packages.
Flavors: r-devel-linux-x86_64-debian-clang, r-devel-linux-x86_64-debian-gcc, r-devel-windows-x86_64