Last updated on 2024-06-04 19:47:52 CEST.
Flavor | Version | Tinstall | Tcheck | Ttotal | Status | Flags |
---|---|---|---|---|---|---|
r-devel-linux-x86_64-debian-clang | 0.5.0 | 11.13 | 117.64 | 128.77 | NOTE | |
r-devel-linux-x86_64-debian-gcc | 0.5.0 | 8.68 | 88.35 | 97.03 | NOTE | |
r-devel-linux-x86_64-fedora-clang | 0.5.0 | 171.72 | NOTE | |||
r-devel-linux-x86_64-fedora-gcc | 0.5.0 | 166.32 | NOTE | |||
r-devel-windows-x86_64 | 0.5.0 | 12.00 | 103.00 | 115.00 | NOTE | |
r-patched-linux-x86_64 | 0.5.0 | 12.54 | 114.76 | 127.30 | NOTE | |
r-release-linux-x86_64 | 0.5.0 | 13.28 | 112.56 | 125.84 | NOTE | |
r-release-macos-arm64 | 0.5.0 | 50.00 | NOTE | |||
r-release-windows-x86_64 | 0.5.0 | 12.00 | 100.00 | 112.00 | NOTE | |
r-oldrel-macos-arm64 | 0.5.0 | 59.00 | OK | |||
r-oldrel-macos-x86_64 | 0.5.0 | 92.00 | OK | |||
r-oldrel-windows-x86_64 | 0.5.0 | 16.00 | 123.00 | 139.00 | OK |
Version: 0.5.0
Check: Rd files
Result: NOTE
checkRd: (-1) imagesToKerasInput.Rd:23: Lost braces
23 | \item{grayscale}{logical. Defines color channels of images: 1 if code{TRUE}, 3 if \code{FALSE}.}
| ^
Flavors: r-devel-linux-x86_64-debian-clang, r-devel-linux-x86_64-debian-gcc, r-devel-linux-x86_64-fedora-clang, r-devel-linux-x86_64-fedora-gcc, r-devel-windows-x86_64, r-patched-linux-x86_64, r-release-linux-x86_64, r-release-macos-arm64, r-release-windows-x86_64