Last updated on 2024-06-04 19:47:52 CEST.
Flavor | Version | Tinstall | Tcheck | Ttotal | Status | Flags |
---|---|---|---|---|---|---|
r-devel-linux-x86_64-debian-clang | 0.1.2 | 6.43 | 62.83 | 69.26 | NOTE | |
r-devel-linux-x86_64-debian-gcc | 0.1.2 | 5.38 | 45.76 | 51.14 | NOTE | |
r-devel-linux-x86_64-fedora-clang | 0.1.2 | 84.93 | NOTE | |||
r-devel-linux-x86_64-fedora-gcc | 0.1.2 | 82.36 | NOTE | |||
r-devel-windows-x86_64 | 0.1.2 | 7.00 | 65.00 | 72.00 | NOTE | |
r-patched-linux-x86_64 | 0.1.2 | 7.22 | 58.94 | 66.16 | NOTE | |
r-release-linux-x86_64 | 0.1.2 | 4.56 | 59.65 | 64.21 | NOTE | |
r-release-macos-arm64 | 0.1.2 | 29.00 | NOTE | |||
r-release-windows-x86_64 | 0.1.2 | 7.00 | 63.00 | 70.00 | NOTE | |
r-oldrel-macos-arm64 | 0.1.2 | 28.00 | NOTE | |||
r-oldrel-macos-x86_64 | 0.1.2 | 41.00 | NOTE | |||
r-oldrel-windows-x86_64 | 0.1.2 | 10.00 | 78.00 | 88.00 | NOTE |
Version: 0.1.2
Check: LazyData
Result: NOTE
'LazyData' is specified without a 'data' directory
Flavors: r-devel-linux-x86_64-debian-clang, r-devel-linux-x86_64-debian-gcc, r-devel-linux-x86_64-fedora-clang, r-devel-linux-x86_64-fedora-gcc, r-devel-windows-x86_64, r-patched-linux-x86_64, r-release-linux-x86_64, r-release-macos-arm64, r-release-windows-x86_64, r-oldrel-macos-arm64, r-oldrel-macos-x86_64, r-oldrel-windows-x86_64