Last updated on 2025-02-17 08:50:53 CET.
Flavor | Version | Tinstall | Tcheck | Ttotal | Status | Flags |
---|---|---|---|---|---|---|
r-devel-linux-x86_64-debian-clang | 0.1.5 | 18.78 | 393.48 | 412.26 | NOTE | |
r-devel-linux-x86_64-debian-gcc | 0.1.5 | 13.76 | 248.18 | 261.94 | NOTE | |
r-devel-linux-x86_64-fedora-clang | 0.1.5 | 696.98 | OK | |||
r-devel-linux-x86_64-fedora-gcc | 0.1.5 | 695.80 | OK | |||
r-devel-macos-arm64 | 0.1.5 | 219.00 | OK | |||
r-devel-macos-x86_64 | 0.1.5 | 446.00 | OK | |||
r-devel-windows-x86_64 | 0.1.5 | 22.00 | 374.00 | 396.00 | NOTE | |
r-patched-linux-x86_64 | 0.1.5 | 26.77 | 365.09 | 391.86 | OK | |
r-release-linux-x86_64 | 0.1.5 | 19.88 | 370.54 | 390.42 | OK | |
r-release-macos-arm64 | 0.1.5 | 215.00 | OK | |||
r-release-macos-x86_64 | 0.1.5 | 478.00 | OK | |||
r-release-windows-x86_64 | 0.1.5 | 24.00 | 361.00 | 385.00 | OK | |
r-oldrel-macos-arm64 | 0.1.5 | 224.00 | OK | |||
r-oldrel-macos-x86_64 | 0.1.5 | 457.00 | OK | |||
r-oldrel-windows-x86_64 | 0.1.5 | 28.00 | 474.00 | 502.00 | OK |
Version: 0.1.5
Check: Rd cross-references
Result: NOTE
Found the following Rd file(s) with Rd \link{} targets missing package
anchors:
plot_iota.Rd: ggplot2
plot_iota2_alluvial.Rd: ggplot2
Please provide package anchors for all Rd \link{} targets not in the
package itself and the base packages.
Flavors: r-devel-linux-x86_64-debian-clang, r-devel-linux-x86_64-debian-gcc, r-devel-windows-x86_64