CRAN Package Check Results for Package kanjistat

Last updated on 2025-05-10 19:50:59 CEST.

Flavor Version Tinstall Tcheck Ttotal Status Flags
r-devel-linux-x86_64-debian-clang 0.14.1 24.22 111.62 135.84 NOTE
r-devel-linux-x86_64-debian-gcc 0.14.1 18.20 78.93 97.13 NOTE
r-devel-linux-x86_64-fedora-clang 0.14.1 242.59 OK
r-devel-linux-x86_64-fedora-gcc 0.14.1 236.93 OK
r-devel-windows-x86_64 0.14.1 31.00 139.00 170.00 NOTE
r-patched-linux-x86_64 0.14.1 25.34 106.42 131.76 NOTE
r-release-linux-x86_64 0.14.1 24.53 105.56 130.09 NOTE
r-release-macos-arm64 0.14.1 68.00 OK
r-release-macos-x86_64 0.14.1 143.00 OK
r-release-windows-x86_64 0.14.1 33.00 136.00 169.00 NOTE
r-oldrel-macos-arm64 0.14.1 68.00 NOTE
r-oldrel-macos-x86_64 0.14.1 167.00 NOTE
r-oldrel-windows-x86_64 0.14.1 40.00 174.00 214.00 NOTE

Check Details

Version: 0.14.1
Check: Rd cross-references
Result: NOTE Found the following Rd file(s) with Rd \link{} targets missing package anchors: kanjivec.Rd: dendextend Please provide package anchors for all Rd \link{} targets not in the package itself and the base packages. Flavors: r-devel-linux-x86_64-debian-clang, r-devel-linux-x86_64-debian-gcc, r-devel-windows-x86_64, r-patched-linux-x86_64, r-release-linux-x86_64, r-release-windows-x86_64

Version: 0.14.1
Check: package dependencies
Result: NOTE Package suggested but not available for checking: ‘kanjistat.data’ Flavors: r-oldrel-macos-arm64, r-oldrel-macos-x86_64, r-oldrel-windows-x86_64