Last updated on 2025-05-10 08:50:41 CEST.
Flavor | Version | Tinstall | Tcheck | Ttotal | Status | Flags |
---|---|---|---|---|---|---|
r-devel-linux-x86_64-debian-clang | 1.1.0 | 31.88 | 28.28 | 60.16 | OK | |
r-devel-linux-x86_64-debian-gcc | 1.1.0 | 29.39 | 28.37 | 57.76 | OK | |
r-devel-linux-x86_64-fedora-clang | 1.1.0 | 106.07 | OK | |||
r-devel-linux-x86_64-fedora-gcc | 1.1.0 | 130.07 | OK | |||
r-devel-windows-x86_64 | 1.1.0 | 43.00 | 75.00 | 118.00 | OK | |
r-patched-linux-x86_64 | 1.1.0 | 43.31 | 33.52 | 76.83 | OK | |
r-release-linux-x86_64 | 1.1.0 | 45.61 | 33.68 | 79.29 | OK | |
r-release-macos-arm64 | 1.1.0 | 38.00 | OK | |||
r-release-macos-x86_64 | 1.1.0 | 64.00 | OK | |||
r-release-windows-x86_64 | 1.1.0 | 44.00 | 79.00 | 123.00 | OK | |
r-oldrel-macos-arm64 | 1.1.0 | 35.00 | NOTE | |||
r-oldrel-macos-x86_64 | 1.1.0 | 86.00 | NOTE | |||
r-oldrel-windows-x86_64 | 1.1.0 | 53.00 | 86.00 | 139.00 | OK |
Version: 1.1.0
Check: installed package size
Result: NOTE
installed size is 17.0Mb
sub-directories of 1Mb or more:
libs 16.8Mb
Flavors: r-oldrel-macos-arm64, r-oldrel-macos-x86_64