Last updated on 2025-02-17 08:50:53 CET.
Flavor | Version | Tinstall | Tcheck | Ttotal | Status | Flags |
---|---|---|---|---|---|---|
r-devel-linux-x86_64-debian-clang | 1.1-7 | 10.38 | 147.76 | 158.14 | NOTE | |
r-devel-linux-x86_64-debian-gcc | 1.1-7 | 7.63 | 114.79 | 122.42 | NOTE | |
r-devel-linux-x86_64-fedora-clang | 1.1-7 | 255.18 | OK | |||
r-devel-linux-x86_64-fedora-gcc | 1.1-7 | 260.66 | OK | |||
r-devel-macos-arm64 | 1.1-7 | 87.00 | OK | |||
r-devel-macos-x86_64 | 1.1-7 | 179.00 | OK | |||
r-devel-windows-x86_64 | 1.1-7 | 10.00 | 223.00 | 233.00 | NOTE | |
r-patched-linux-x86_64 | 1.1-7 | 16.08 | 142.45 | 158.53 | OK | |
r-release-linux-x86_64 | 1.1-7 | 8.49 | 142.04 | 150.53 | OK | |
r-release-macos-arm64 | 1.1-7 | 84.00 | OK | |||
r-release-macos-x86_64 | 1.1-7 | 134.00 | OK | |||
r-release-windows-x86_64 | 1.1-7 | 10.00 | 230.00 | 240.00 | OK | |
r-oldrel-macos-arm64 | 1.1-7 | 123.00 | OK | |||
r-oldrel-macos-x86_64 | 1.1-7 | 215.00 | OK | |||
r-oldrel-windows-x86_64 | 1.1-7 | 14.00 | 225.00 | 239.00 | OK |
Version: 1.1-7
Check: Rd cross-references
Result: NOTE
Found the following Rd file(s) with Rd \link{} targets missing package
anchors:
contagdiscstate.Rd: Hest
Please provide package anchors for all Rd \link{} targets not in the
package itself and the base packages.
Flavors: r-devel-linux-x86_64-debian-clang, r-devel-linux-x86_64-debian-gcc, r-devel-windows-x86_64