Last updated on 2025-02-06 19:49:26 CET.
Flavor | Version | Tinstall | Tcheck | Ttotal | Status | Flags |
---|---|---|---|---|---|---|
r-devel-linux-x86_64-debian-clang | 0.2.1 | 8.23 | 54.42 | 62.65 | NOTE | |
r-devel-linux-x86_64-debian-gcc | 0.2.1 | 5.61 | 40.00 | 45.61 | NOTE | |
r-devel-linux-x86_64-fedora-clang | 0.2.1 | 100.97 | OK | |||
r-devel-linux-x86_64-fedora-gcc | 0.2.1 | 92.43 | OK | |||
r-devel-windows-x86_64 | 0.2.1 | 10.00 | 73.00 | 83.00 | NOTE | |
r-patched-linux-x86_64 | 0.2.1 | 12.44 | 50.84 | 63.28 | NOTE | |
r-release-linux-x86_64 | 0.2.1 | 7.34 | 51.79 | 59.13 | NOTE | |
r-release-macos-arm64 | 0.2.1 | 31.00 | NOTE | |||
r-release-macos-x86_64 | 0.2.1 | 45.00 | NOTE | |||
r-release-windows-x86_64 | 0.2.1 | 10.00 | 70.00 | 80.00 | NOTE | |
r-oldrel-macos-arm64 | 0.2.1 | 31.00 | NOTE | |||
r-oldrel-macos-x86_64 | 0.2.1 | 49.00 | NOTE | |||
r-oldrel-windows-x86_64 | 0.2.1 | 12.00 | 84.00 | 96.00 | NOTE |
Version: 0.2.1
Check: Rd cross-references
Result: NOTE
Found the following Rd file(s) with Rd \link{} targets missing package
anchors:
latte-optim.Rd: mp
Please provide package anchors for all Rd \link{} targets not in the
package itself and the base packages.
Flavors: r-devel-linux-x86_64-debian-clang, r-devel-linux-x86_64-debian-gcc, r-devel-windows-x86_64
Version: 0.2.1
Check: LazyData
Result: NOTE
'LazyData' is specified without a 'data' directory
Flavors: r-patched-linux-x86_64, r-release-linux-x86_64, r-release-macos-arm64, r-release-macos-x86_64, r-release-windows-x86_64, r-oldrel-macos-arm64, r-oldrel-macos-x86_64, r-oldrel-windows-x86_64