Last updated on 2025-02-07 08:51:25 CET.
Flavor | Version | Tinstall | Tcheck | Ttotal | Status | Flags |
---|---|---|---|---|---|---|
r-devel-linux-x86_64-debian-clang | 0.1.0 | 6.40 | 60.76 | 67.16 | NOTE | |
r-devel-linux-x86_64-debian-gcc | 0.1.0 | 5.27 | 43.93 | 49.20 | NOTE | |
r-devel-linux-x86_64-fedora-clang | 0.1.0 | 106.94 | OK | |||
r-devel-linux-x86_64-fedora-gcc | 0.1.0 | 110.76 | OK | |||
r-devel-windows-x86_64 | 0.1.0 | 8.00 | 69.00 | 77.00 | NOTE | |
r-patched-linux-x86_64 | 0.1.0 | 12.74 | 54.58 | 67.32 | NOTE | |
r-release-linux-x86_64 | 0.1.0 | 6.45 | 54.30 | 60.75 | NOTE | |
r-release-macos-arm64 | 0.1.0 | 38.00 | NOTE | |||
r-release-macos-x86_64 | 0.1.0 | 58.00 | NOTE | |||
r-release-windows-x86_64 | 0.1.0 | 9.00 | 71.00 | 80.00 | NOTE | |
r-oldrel-macos-arm64 | 0.1.0 | 34.00 | NOTE | |||
r-oldrel-macos-x86_64 | 0.1.0 | 60.00 | NOTE | |||
r-oldrel-windows-x86_64 | 0.1.0 | 10.00 | 80.00 | 90.00 | NOTE |
Version: 0.1.0
Check: Rd cross-references
Result: NOTE
Found the following Rd file(s) with Rd \link{} targets missing package
anchors:
SFSQL.Rd: dbConnect
SFSQLConnection-class.Rd: DBIConnection-class
SFSQLDriver-class.Rd: dbConnect, DBIDriver-class, dbUnloadDriver
SFSQLResult-class.Rd: dbSendQuery, dbSendStatement, DBIResult-class
Please provide package anchors for all Rd \link{} targets not in the
package itself and the base packages.
Flavors: r-devel-linux-x86_64-debian-clang, r-devel-linux-x86_64-debian-gcc, r-devel-windows-x86_64
Version: 0.1.0
Check: LazyData
Result: NOTE
'LazyData' is specified without a 'data' directory
Flavors: r-patched-linux-x86_64, r-release-linux-x86_64, r-release-macos-arm64, r-release-macos-x86_64, r-release-windows-x86_64, r-oldrel-macos-arm64, r-oldrel-macos-x86_64, r-oldrel-windows-x86_64