CRAN Package Check Results for Package lcc

Last updated on 2025-05-14 08:52:03 CEST.

Flavor Version Tinstall Tcheck Ttotal Status Flags
r-devel-linux-x86_64-debian-clang 1.1.4 8.63 69.91 78.54 NOTE
r-devel-linux-x86_64-debian-gcc 1.1.4 6.76 48.95 55.71 NOTE
r-devel-linux-x86_64-fedora-clang 1.1.4 126.11 OK
r-devel-linux-x86_64-fedora-gcc 1.1.4 118.30 OK
r-devel-windows-x86_64 1.1.4 12.00 90.00 102.00 NOTE
r-patched-linux-x86_64 1.1.4 10.61 64.64 75.25 NOTE
r-release-linux-x86_64 1.1.4 9.45 65.71 75.16 NOTE
r-release-macos-arm64 1.1.4 39.00 OK
r-release-macos-x86_64 1.1.4 62.00 OK
r-release-windows-x86_64 1.1.4 11.00 90.00 101.00 NOTE
r-oldrel-macos-arm64 1.1.4 34.00 OK
r-oldrel-macos-x86_64 1.1.4 50.00 OK
r-oldrel-windows-x86_64 1.1.4 15.00 105.00 120.00 OK

Check Details

Version: 1.1.4
Check: CRAN incoming feasibility
Result: NOTE Maintainer: ‘Thiago de Paula Oliveira <thiago.paula.oliveira@alumni.usp.br>’ Package CITATION file contains call(s) to old-style citEntry(). Please use bibentry() instead. Flavors: r-devel-linux-x86_64-debian-clang, r-devel-linux-x86_64-debian-gcc

Version: 1.1.4
Check: Rd cross-references
Result: NOTE Found the following Rd file(s) with Rd \link{} targets missing package anchors: anova.lcc.Rd: anova.lme, nlme coef.lcc.Rd: nlme getVarCov.lcc.Rd: nlme lcc.Rd: nlme logLik.lcc.Rd: nlme print.anova.lcc.Rd: anova.lme, nlme ranef.lcc.Rd: nlme residuals.lcc.Rd: nlme vcov.lcc.Rd: nlme Please provide package anchors for all Rd \link{} targets not in the package itself and the base packages. Flavors: r-devel-linux-x86_64-debian-clang, r-devel-linux-x86_64-debian-gcc, r-devel-windows-x86_64, r-patched-linux-x86_64, r-release-linux-x86_64, r-release-windows-x86_64