Last updated on 2025-05-13 19:52:36 CEST.
Flavor | Version | Tinstall | Tcheck | Ttotal | Status | Flags |
---|---|---|---|---|---|---|
r-devel-linux-x86_64-debian-clang | 2.0.0 | 2.00 | 26.86 | 28.86 | OK | |
r-devel-linux-x86_64-debian-gcc | 2.0.0 | 1.64 | 22.11 | 23.75 | OK | |
r-devel-linux-x86_64-fedora-clang | 2.0.0 | 44.83 | OK | |||
r-devel-linux-x86_64-fedora-gcc | 2.0.0 | 42.97 | OK | |||
r-devel-windows-x86_64 | 2.0.0 | 4.00 | 52.00 | 56.00 | OK | |
r-patched-linux-x86_64 | 2.0.0 | 2.03 | 24.96 | 26.99 | OK | |
r-release-linux-x86_64 | 2.0.0 | 2.10 | 24.93 | 27.03 | OK | |
r-release-macos-arm64 | 2.0.0 | 21.00 | OK | |||
r-release-macos-x86_64 | 2.0.0 | 54.00 | OK | |||
r-release-windows-x86_64 | 2.0.0 | 4.00 | 54.00 | 58.00 | OK | |
r-oldrel-macos-arm64 | 2.0.0 | 21.00 | NOTE | |||
r-oldrel-macos-x86_64 | 2.0.0 | 46.00 | OK | |||
r-oldrel-windows-x86_64 | 2.0.0 | 4.00 | 56.00 | 60.00 | OK |
Version: 2.0.0
Check: package dependencies
Result: NOTE
Package suggested but not available for checking: ‘V8’
Flavor: r-oldrel-macos-arm64