CRAN Package Check Results for Package locpol

Last updated on 2025-05-12 08:52:14 CEST.

Flavor Version Tinstall Tcheck Ttotal Status Flags
r-devel-linux-x86_64-debian-clang 0.8.0 3.86 27.78 31.64 NOTE
r-devel-linux-x86_64-debian-gcc 0.8.0 2.81 21.21 24.02 NOTE
r-devel-linux-x86_64-fedora-clang 0.8.0 49.86 OK
r-devel-linux-x86_64-fedora-gcc 0.8.0 47.22 OK
r-devel-windows-x86_64 0.8.0 7.00 54.00 61.00 NOTE
r-patched-linux-x86_64 0.8.0 3.45 26.52 29.97 NOTE
r-release-linux-x86_64 0.8.0 3.63 26.28 29.91 NOTE
r-release-macos-arm64 0.8.0 21.00 OK
r-release-macos-x86_64 0.8.0 34.00 OK
r-release-windows-x86_64 0.8.0 6.00 56.00 62.00 NOTE
r-oldrel-macos-arm64 0.8.0 27.00 OK
r-oldrel-macos-x86_64 0.8.0 34.00 OK
r-oldrel-windows-x86_64 0.8.0 6.00 53.00 59.00 OK

Check Details

Version: 0.8.0
Check: Rd cross-references
Result: NOTE Found the following Rd file(s) with Rd \link{} targets missing package anchors: PRDenEstC.Rd: bkde, dpik locpol.Rd: locpoly locpolSmoothers.Rd: locpoly Please provide package anchors for all Rd \link{} targets not in the package itself and the base packages. Flavors: r-devel-linux-x86_64-debian-clang, r-devel-linux-x86_64-debian-gcc, r-devel-windows-x86_64, r-patched-linux-x86_64, r-release-linux-x86_64, r-release-windows-x86_64