Last updated on 2025-02-17 08:50:54 CET.
Flavor | Version | Tinstall | Tcheck | Ttotal | Status | Flags |
---|---|---|---|---|---|---|
r-devel-linux-x86_64-debian-clang | 0.4.0 | 3.18 | 69.70 | 72.88 | OK | |
r-devel-linux-x86_64-debian-gcc | 0.4.0 | 2.04 | 50.71 | 52.75 | OK | |
r-devel-linux-x86_64-fedora-clang | 0.4.0 | 125.20 | OK | |||
r-devel-linux-x86_64-fedora-gcc | 0.4.0 | 139.91 | OK | |||
r-devel-macos-arm64 | 0.4.0 | 49.00 | OK | |||
r-devel-macos-x86_64 | 0.4.0 | 132.00 | OK | |||
r-devel-windows-x86_64 | 0.4.0 | 6.00 | 145.00 | 151.00 | OK | |
r-patched-linux-x86_64 | 0.4.0 | 3.43 | 65.70 | 69.13 | OK | |
r-release-linux-x86_64 | 0.4.0 | 2.50 | 65.45 | 67.95 | OK | |
r-release-macos-arm64 | 0.4.0 | 53.00 | OK | |||
r-release-macos-x86_64 | 0.4.0 | 134.00 | OK | |||
r-release-windows-x86_64 | 0.4.0 | 4.00 | 99.00 | 103.00 | NOTE | |
r-oldrel-macos-arm64 | 0.4.0 | 73.00 | OK | |||
r-oldrel-macos-x86_64 | 0.4.0 | 131.00 | OK | |||
r-oldrel-windows-x86_64 | 0.4.0 | 5.00 | 157.00 | 162.00 | NOTE |
Version: 0.4.0
Check: package dependencies
Result: NOTE
Package suggested but not available for checking: 'rsyslog'
Flavors: r-release-windows-x86_64, r-oldrel-windows-x86_64