Last updated on 2025-05-10 19:51:00 CEST.
Flavor | Version | Tinstall | Tcheck | Ttotal | Status | Flags |
---|---|---|---|---|---|---|
r-devel-linux-x86_64-debian-clang | 2.0.4 | 3.45 | 110.47 | 113.92 | NOTE | |
r-devel-linux-x86_64-debian-gcc | 2.0.4 | 3.49 | 67.71 | 71.20 | NOTE | |
r-devel-linux-x86_64-fedora-clang | 2.0.4 | 184.40 | OK | |||
r-devel-linux-x86_64-fedora-gcc | 2.0.4 | 173.57 | OK | |||
r-devel-windows-x86_64 | 2.0.4 | 5.00 | 109.00 | 114.00 | OK | |
r-patched-linux-x86_64 | 2.0.4 | 4.82 | 101.10 | 105.92 | OK | |
r-release-linux-x86_64 | 2.0.4 | 4.18 | 103.96 | 108.14 | OK | |
r-release-macos-arm64 | 2.0.4 | 43.00 | OK | |||
r-release-macos-x86_64 | 2.0.4 | 87.00 | OK | |||
r-release-windows-x86_64 | 2.0.4 | 5.00 | 106.00 | 111.00 | OK | |
r-oldrel-macos-arm64 | 2.0.4 | 47.00 | OK | |||
r-oldrel-macos-x86_64 | 2.0.4 | 116.00 | OK | |||
r-oldrel-windows-x86_64 | 2.0.4 | 5.00 | 132.00 | 137.00 | OK |
Version: 2.0.4
Check: CRAN incoming feasibility
Result: NOTE
Maintainer: ‘Ocheredko Oleksandr <Ocheredko@yahoo.com>’
No Authors@R field in DESCRIPTION.
Please add one, modifying
Authors@R: person(given = "Ocheredko",
family = "Oleksandr",
role = c("aut", "cre"),
email = "ocheredko@yahoo.com")
as necessary.
Flavors: r-devel-linux-x86_64-debian-clang, r-devel-linux-x86_64-debian-gcc