Last updated on 2024-06-04 19:47:53 CEST.
Flavor | Version | Tinstall | Tcheck | Ttotal | Status | Flags |
---|---|---|---|---|---|---|
r-devel-linux-x86_64-debian-clang | 0.4.4 | 16.18 | 152.97 | 169.15 | OK | |
r-devel-linux-x86_64-debian-gcc | 0.4.4 | 13.81 | 111.26 | 125.07 | OK | |
r-devel-linux-x86_64-fedora-clang | 0.4.4 | 216.46 | NOTE | |||
r-devel-linux-x86_64-fedora-gcc | 0.4.4 | 194.99 | NOTE | |||
r-devel-windows-x86_64 | 0.4.4 | 15.00 | 125.00 | 140.00 | OK | |
r-patched-linux-x86_64 | 0.4.4 | 12.60 | 149.53 | 162.13 | OK | |
r-release-linux-x86_64 | 0.4.4 | 12.22 | 145.22 | 157.44 | OK | |
r-release-macos-arm64 | 0.4.4 | 50.00 | OK | |||
r-release-macos-x86_64 | 0.4.4 | 160.00 | OK | |||
r-release-windows-x86_64 | 0.4.4 | 15.00 | 124.00 | 139.00 | OK | |
r-oldrel-macos-arm64 | 0.4.4 | 58.00 | OK | |||
r-oldrel-macos-x86_64 | 0.4.4 | 112.00 | OK | |||
r-oldrel-windows-x86_64 | 0.4.4 | 20.00 | 156.00 | 176.00 | OK |
Version: 0.4.4
Check: data for non-ASCII characters
Result: NOTE
Note: found 7 marked UTF-8 strings
Flavors: r-devel-linux-x86_64-fedora-clang, r-devel-linux-x86_64-fedora-gcc