Last updated on 2025-02-17 08:50:54 CET.
Flavor | Version | Tinstall | Tcheck | Ttotal | Status | Flags |
---|---|---|---|---|---|---|
r-devel-linux-x86_64-debian-clang | 0.1.1 | 25.70 | 68.29 | 93.99 | OK | |
r-devel-linux-x86_64-debian-gcc | 0.1.1 | 18.72 | 48.83 | 67.55 | OK | |
r-devel-linux-x86_64-fedora-clang | 0.1.1 | 167.98 | OK | |||
r-devel-linux-x86_64-fedora-gcc | 0.1.1 | 180.74 | OK | |||
r-devel-macos-arm64 | 0.1.1 | 52.00 | OK | |||
r-devel-macos-x86_64 | 0.1.1 | 106.00 | OK | |||
r-devel-windows-x86_64 | 0.1.1 | 31.00 | 97.00 | 128.00 | OK | |
r-patched-linux-x86_64 | 0.1.1 | 25.36 | 63.72 | 89.08 | OK | |
r-release-linux-x86_64 | 0.1.1 | 25.00 | 63.92 | 88.92 | OK | |
r-release-macos-arm64 | 0.1.1 | 57.00 | NOTE | |||
r-release-macos-x86_64 | 0.1.1 | 121.00 | NOTE | |||
r-release-windows-x86_64 | 0.1.1 | 31.00 | 103.00 | 134.00 | OK | |
r-oldrel-macos-arm64 | 0.1.1 | 60.00 | NOTE | |||
r-oldrel-macos-x86_64 | 0.1.1 | 114.00 | NOTE | |||
r-oldrel-windows-x86_64 | 0.1.1 | 37.00 | 109.00 | 146.00 | OK |
Version: 0.1.1
Check: installed package size
Result: NOTE
installed size is 5.4Mb
sub-directories of 1Mb or more:
doc 2.6Mb
libs 2.0Mb
Flavors: r-release-macos-arm64, r-release-macos-x86_64, r-oldrel-macos-arm64, r-oldrel-macos-x86_64