Last updated on 2025-05-10 19:51:00 CEST.
Flavor | Version | Tinstall | Tcheck | Ttotal | Status | Flags |
---|---|---|---|---|---|---|
r-devel-linux-x86_64-debian-clang | 0.2.79 | 46.03 | 253.30 | 299.33 | OK | |
r-devel-linux-x86_64-debian-gcc | 0.2.79 | 35.27 | 200.57 | 235.84 | OK | |
r-devel-linux-x86_64-fedora-clang | 0.2.79 | 492.60 | NOTE | |||
r-devel-linux-x86_64-fedora-gcc | 0.2.79 | 538.32 | NOTE | |||
r-devel-windows-x86_64 | 0.2.79 | 64.00 | 287.00 | 351.00 | OK | |
r-patched-linux-x86_64 | 0.2.79 | 48.44 | 244.88 | 293.32 | OK | |
r-release-linux-x86_64 | 0.2.79 | 51.46 | 243.60 | 295.06 | OK | |
r-release-macos-arm64 | 0.2.79 | 285.00 | OK | |||
r-release-macos-x86_64 | 0.2.79 | 336.00 | OK | |||
r-release-windows-x86_64 | 0.2.79 | 64.00 | 281.00 | 345.00 | OK | |
r-oldrel-macos-arm64 | 0.2.79 | 156.00 | NOTE | |||
r-oldrel-macos-x86_64 | 0.2.79 | 233.00 | NOTE | |||
r-oldrel-windows-x86_64 | 0.2.79 | 75.00 | 364.00 | 439.00 | OK |
Version: 0.2.79
Check: dependencies in R code
Result: NOTE
Namespace in Imports field not imported from: ‘softImpute’
All declared Imports should be used.
Flavors: r-devel-linux-x86_64-fedora-clang, r-devel-linux-x86_64-fedora-gcc
Version: 0.2.79
Check: installed package size
Result: NOTE
installed size is 8.3Mb
sub-directories of 1Mb or more:
libs 7.4Mb
Flavors: r-oldrel-macos-arm64, r-oldrel-macos-x86_64