Last updated on 2025-05-10 19:51:00 CEST.
Flavor | Version | Tinstall | Tcheck | Ttotal | Status | Flags |
---|---|---|---|---|---|---|
r-devel-linux-x86_64-debian-clang | 0.1-11 | 27.02 | 228.13 | 255.15 | NOTE | |
r-devel-linux-x86_64-debian-gcc | 0.1-11 | 16.54 | 146.32 | 162.86 | NOTE | |
r-devel-linux-x86_64-fedora-clang | 0.1-11 | 398.19 | OK | |||
r-devel-linux-x86_64-fedora-gcc | 0.1-11 | 401.67 | OK | |||
r-devel-windows-x86_64 | 0.1-11 | 24.00 | 176.00 | 200.00 | NOTE | |
r-patched-linux-x86_64 | 0.1-11 | 26.73 | 214.32 | 241.05 | NOTE | |
r-release-linux-x86_64 | 0.1-11 | 26.49 | 216.06 | 242.55 | NOTE | |
r-release-macos-arm64 | 0.1-11 | 96.00 | OK | |||
r-release-macos-x86_64 | 0.1-11 | 250.00 | OK | |||
r-release-windows-x86_64 | 0.1-11 | 24.00 | 183.00 | 207.00 | NOTE | |
r-oldrel-macos-arm64 | 0.1-11 | 80.00 | OK | |||
r-oldrel-macos-x86_64 | 0.1-11 | 152.00 | OK | |||
r-oldrel-windows-x86_64 | 0.1-11 | 34.00 | 280.00 | 314.00 | OK |
Version: 0.1-11
Check: CRAN incoming feasibility
Result: NOTE
Maintainer: ‘Roeland Kindt <RoelandCEKindt@gmail.com>’
No Authors@R field in DESCRIPTION.
Please add one, modifying
Authors@R: c(person(given = "Richard",
family = "Chandler",
role = "aut"),
person(given = "Andy",
family = "Royle",
role = "aut"),
person(given = "Roeland",
family = "Kindt",
role = c("aut", "cre"),
email = "roelandcekindt@gmail.com"))
as necessary.
Flavors: r-devel-linux-x86_64-debian-clang, r-devel-linux-x86_64-debian-gcc
Version: 0.1-11
Check: Rd cross-references
Result: NOTE
Found the following Rd file(s) with Rd \link{} targets missing package
anchors:
carw.Rd: raster
maxlike-package.Rd: raster
maxlike.Rd: raster-package, raster
Please provide package anchors for all Rd \link{} targets not in the
package itself and the base packages.
Flavors: r-devel-linux-x86_64-debian-clang, r-devel-linux-x86_64-debian-gcc, r-devel-windows-x86_64, r-patched-linux-x86_64, r-release-linux-x86_64, r-release-windows-x86_64