CRAN Package Check Results for Package mbg

Last updated on 2025-05-10 08:50:42 CEST.

Flavor Version Tinstall Tcheck Ttotal Status Flags
r-devel-linux-x86_64-debian-clang 1.1.0 33.36 300.16 333.52 OK
r-devel-linux-x86_64-debian-gcc 1.1.0 19.83 202.78 222.61 OK
r-devel-linux-x86_64-fedora-clang 1.1.0 504.60 OK
r-devel-linux-x86_64-fedora-gcc 1.1.0 533.55 OK
r-devel-windows-x86_64 1.1.0 32.00 236.00 268.00 OK
r-patched-linux-x86_64 1.1.0 30.77 281.98 312.75 OK
r-release-linux-x86_64 1.1.0 34.28 283.75 318.03 OK
r-release-macos-arm64 1.1.0 99.00 OK
r-release-macos-x86_64 1.1.0 182.00 OK
r-release-windows-x86_64 1.1.0 32.00 227.00 259.00 ERROR
r-oldrel-macos-arm64 1.1.0 143.00 NOTE
r-oldrel-macos-x86_64 1.1.0 214.00 NOTE
r-oldrel-windows-x86_64 1.1.0 48.00 319.00 367.00 OK

Check Details

Version: 1.1.0
Check: examples
Result: ERROR Running examples in 'mbg-Ex.R' failed The error occurred in: R version 4.5.0 (2025-04-11 ucrt) -- "How About a Twenty-Six" Copyright (C) 2025 The R Foundation for Statistical Computing Platform: x86_64-w64-mingw32/x64 R is free software and comes with ABSOLUTELY NO WARRANTY. You are welcome to redistribute it under certain conditions. Type 'license()' or 'licence()' for distribution details. Natural language support but running in an English locale R is a collaborative project with many contributors. Type 'contributors()' for more information and 'citation()' on how to cite R or R packages in publications. Type 'demo()' for some demos, 'help()' for on-line help, or 'help.start()' for an HTML browser interface to help. Type 'q()' to quit R. > pkgname <- "mbg" > source(file.path(R.home("share"), "R", "examples-header.R")) > options(warn = 1) > options(pager = "console") > library('mbg') Flavor: r-release-windows-x86_64

Version: 1.1.0
Check: package dependencies
Result: NOTE Package suggested but not available for checking: ‘INLA’ Flavors: r-oldrel-macos-arm64, r-oldrel-macos-x86_64

Version: 1.1.0
Check: Rd cross-references
Result: NOTE Package unavailable to check Rd xrefs: ‘INLA’ Flavors: r-oldrel-macos-arm64, r-oldrel-macos-x86_64