CRAN Package Check Results for Package messaging

Last updated on 2025-02-17 08:50:57 CET.

Flavor Version Tinstall Tcheck Ttotal Status Flags
r-devel-linux-x86_64-debian-clang 0.1.0 4.11 34.62 38.73 OK
r-devel-linux-x86_64-debian-gcc 0.1.0 3.01 24.79 27.80 OK
r-devel-linux-x86_64-fedora-clang 0.1.0 62.43 OK
r-devel-linux-x86_64-fedora-gcc 0.1.0 61.40 OK
r-devel-macos-arm64 0.1.0 22.00 OK
r-devel-macos-x86_64 0.1.0 56.00 OK
r-devel-windows-x86_64 0.1.0 5.00 55.00 60.00 OK
r-patched-linux-x86_64 0.1.0 3.69 31.81 35.50 NOTE
r-release-linux-x86_64 0.1.0 3.68 31.69 35.37 NOTE
r-release-macos-arm64 0.1.0 21.00 NOTE
r-release-macos-x86_64 0.1.0 48.00 NOTE
r-release-windows-x86_64 0.1.0 5.00 53.00 58.00 NOTE
r-oldrel-macos-arm64 0.1.0 24.00 NOTE
r-oldrel-macos-x86_64 0.1.0 31.00 NOTE
r-oldrel-windows-x86_64 0.1.0 7.00 56.00 63.00 NOTE

Check Details

Version: 0.1.0
Check: LazyData
Result: NOTE 'LazyData' is specified without a 'data' directory Flavors: r-patched-linux-x86_64, r-release-linux-x86_64, r-release-macos-arm64, r-release-macos-x86_64, r-release-windows-x86_64, r-oldrel-macos-arm64, r-oldrel-macos-x86_64, r-oldrel-windows-x86_64