Last updated on 2025-05-10 19:51:01 CEST.
Flavor | Version | Tinstall | Tcheck | Ttotal | Status | Flags |
---|---|---|---|---|---|---|
r-devel-linux-x86_64-debian-clang | 0.56 | 30.08 | 241.95 | 272.03 | NOTE | |
r-devel-linux-x86_64-debian-gcc | 0.56 | 17.78 | 155.60 | 173.38 | NOTE | |
r-devel-linux-x86_64-fedora-clang | 0.56 | 426.06 | OK | |||
r-devel-linux-x86_64-fedora-gcc | 0.56 | 432.82 | OK | |||
r-devel-windows-x86_64 | 0.56 | 26.00 | 178.00 | 204.00 | NOTE | |
r-patched-linux-x86_64 | 0.56 | 28.40 | 228.35 | 256.75 | NOTE | |
r-release-linux-x86_64 | 0.56 | 27.40 | 228.19 | 255.59 | NOTE | |
r-release-macos-arm64 | 0.56 | 89.00 | OK | |||
r-release-macos-x86_64 | 0.56 | 194.00 | OK | |||
r-release-windows-x86_64 | 0.56 | 25.00 | 189.00 | 214.00 | NOTE | |
r-oldrel-macos-arm64 | 0.56 | 84.00 | OK | |||
r-oldrel-macos-x86_64 | 0.56 | 145.00 | OK | |||
r-oldrel-windows-x86_64 | 0.56 | 36.00 | 257.00 | 293.00 | OK |
Version: 0.56
Check: Rd cross-references
Result: NOTE
Found the following Rd file(s) with Rd \link{} targets missing package
anchors:
getRaster.Rd: Extent, extent, getZ
meteo-package.Rd: raster, zoo
Please provide package anchors for all Rd \link{} targets not in the
package itself and the base packages.
Flavors: r-devel-linux-x86_64-debian-clang, r-devel-linux-x86_64-debian-gcc, r-devel-windows-x86_64, r-patched-linux-x86_64, r-release-linux-x86_64, r-release-windows-x86_64