Last updated on 2025-05-12 08:52:16 CEST.
Flavor | Version | Tinstall | Tcheck | Ttotal | Status | Flags |
---|---|---|---|---|---|---|
r-devel-linux-x86_64-debian-clang | 1.0.0 | 1.60 | 31.02 | 32.62 | NOTE | |
r-devel-linux-x86_64-debian-gcc | 1.0.0 | 1.43 | 21.24 | 22.67 | NOTE | |
r-devel-linux-x86_64-fedora-clang | 1.0.0 | 49.74 | NOTE | |||
r-devel-linux-x86_64-fedora-gcc | 1.0.0 | 49.15 | NOTE | |||
r-devel-windows-x86_64 | 1.0.0 | 2.00 | 48.00 | 50.00 | NOTE | |
r-patched-linux-x86_64 | 1.0.0 | 1.74 | 28.64 | 30.38 | NOTE | |
r-release-linux-x86_64 | 1.0.0 | 1.71 | 29.39 | 31.10 | NOTE | |
r-release-macos-arm64 | 1.0.0 | 20.00 | NOTE | |||
r-release-macos-x86_64 | 1.0.0 | 30.00 | NOTE | |||
r-release-windows-x86_64 | 1.0.0 | 2.00 | 51.00 | 53.00 | NOTE | |
r-oldrel-macos-arm64 | 1.0.0 | 18.00 | NOTE | |||
r-oldrel-macos-x86_64 | 1.0.0 | 25.00 | NOTE | |||
r-oldrel-windows-x86_64 | 1.0.0 | 4.00 | 57.00 | 61.00 | NOTE |
Version: 1.0.0
Check: CRAN incoming feasibility
Result: NOTE
Maintainer: ‘Josmar Mazucheli <jmazucheli@gmail.com>’
No Authors@R field in DESCRIPTION.
Please add one, modifying
Authors@R: person(given = "Josmar",
family = "Mazucheli",
role = c("aut", "cre"),
email = "jmazucheli@gmail.com")
as necessary.
Flavors: r-devel-linux-x86_64-debian-clang, r-devel-linux-x86_64-debian-gcc
Version: 1.0.0
Check: package subdirectories
Result: NOTE
Problems with news in ‘NEWS.md’:
No news entries found.
Flavors: r-devel-linux-x86_64-debian-clang, r-devel-linux-x86_64-debian-gcc, r-devel-linux-x86_64-fedora-clang, r-devel-linux-x86_64-fedora-gcc, r-devel-windows-x86_64, r-patched-linux-x86_64, r-release-linux-x86_64, r-release-macos-arm64, r-release-macos-x86_64, r-release-windows-x86_64, r-oldrel-macos-arm64, r-oldrel-macos-x86_64, r-oldrel-windows-x86_64