Last updated on 2024-06-04 19:47:54 CEST.
Flavor | Version | Tinstall | Tcheck | Ttotal | Status | Flags |
---|---|---|---|---|---|---|
r-devel-linux-x86_64-debian-clang | 3.1.9 | 7.58 | 40.61 | 48.19 | NOTE | |
r-devel-linux-x86_64-debian-gcc | 3.1.9 | 5.15 | 32.46 | 37.61 | NOTE | |
r-devel-linux-x86_64-fedora-clang | 3.1.9 | 62.51 | NOTE | |||
r-devel-linux-x86_64-fedora-gcc | 3.1.9 | 72.40 | NOTE | |||
r-devel-windows-x86_64 | 3.1.9 | 10.00 | 72.00 | 82.00 | NOTE | |
r-patched-linux-x86_64 | 3.1.9 | 7.36 | 41.58 | 48.94 | NOTE | |
r-release-linux-x86_64 | 3.1.9 | 5.83 | 39.22 | 45.05 | NOTE | |
r-release-macos-arm64 | 3.1.9 | 30.00 | NOTE | |||
r-release-windows-x86_64 | 3.1.9 | 10.00 | 71.00 | 81.00 | NOTE | |
r-oldrel-macos-arm64 | 3.1.9 | 30.00 | NOTE | |||
r-oldrel-macos-x86_64 | 3.1.9 | 45.00 | NOTE | |||
r-oldrel-windows-x86_64 | 3.1.9 | 10.00 | 73.00 | 83.00 | NOTE |
Version: 3.1.9
Check: Rd files
Result: NOTE
checkRd: (-1) gp.list.Rd:16: Escaped LaTeX specials: \#
Flavors: r-devel-linux-x86_64-debian-clang, r-devel-linux-x86_64-debian-gcc, r-devel-linux-x86_64-fedora-clang, r-devel-linux-x86_64-fedora-gcc, r-devel-windows-x86_64, r-patched-linux-x86_64, r-release-linux-x86_64, r-release-macos-arm64, r-release-windows-x86_64, r-oldrel-macos-arm64, r-oldrel-macos-x86_64, r-oldrel-windows-x86_64