Last updated on 2024-06-04 19:47:54 CEST.
Flavor | Version | Tinstall | Tcheck | Ttotal | Status | Flags |
---|---|---|---|---|---|---|
r-devel-linux-x86_64-debian-clang | 0.1 | 5.98 | 48.67 | 54.65 | NOTE | |
r-devel-linux-x86_64-debian-gcc | 0.1 | 4.87 | 36.44 | 41.31 | NOTE | |
r-devel-linux-x86_64-fedora-clang | 0.1 | 66.73 | NOTE | |||
r-devel-linux-x86_64-fedora-gcc | 0.1 | 75.40 | NOTE | |||
r-devel-windows-x86_64 | 0.1 | 7.00 | 50.00 | 57.00 | NOTE | |
r-patched-linux-x86_64 | 0.1 | 5.49 | 45.95 | 51.44 | NOTE | |
r-release-linux-x86_64 | 0.1 | 3.78 | 46.39 | 50.17 | NOTE | |
r-release-macos-arm64 | 0.1 | 31.00 | NOTE | |||
r-release-windows-x86_64 | 0.1 | 6.00 | 62.00 | 68.00 | NOTE | |
r-oldrel-macos-arm64 | 0.1 | 30.00 | NOTE | |||
r-oldrel-macos-x86_64 | 0.1 | 43.00 | NOTE | |||
r-oldrel-windows-x86_64 | 0.1 | 8.00 | 66.00 | 74.00 | NOTE |
Version: 0.1
Check: LazyData
Result: NOTE
'LazyData' is specified without a 'data' directory
Flavors: r-devel-linux-x86_64-debian-clang, r-devel-linux-x86_64-debian-gcc, r-devel-linux-x86_64-fedora-clang, r-devel-linux-x86_64-fedora-gcc, r-devel-windows-x86_64, r-patched-linux-x86_64, r-release-linux-x86_64, r-release-macos-arm64, r-release-windows-x86_64, r-oldrel-macos-arm64, r-oldrel-macos-x86_64, r-oldrel-windows-x86_64