CRAN Package Check Results for Package mschart

Last updated on 2025-05-10 08:50:44 CEST.

Flavor Version Tinstall Tcheck Ttotal Status Flags
r-devel-linux-x86_64-debian-clang 0.4.0 6.09 43.07 49.16 NOTE
r-devel-linux-x86_64-debian-gcc 0.4.0 3.33 30.91 34.24 NOTE
r-devel-linux-x86_64-fedora-clang 0.4.0 81.90 OK
r-devel-linux-x86_64-fedora-gcc 0.4.0 69.29 OK
r-devel-windows-x86_64 0.4.0 8.00 65.00 73.00 NOTE
r-patched-linux-x86_64 0.4.0 5.20 39.65 44.85 NOTE
r-release-linux-x86_64 0.4.0 5.01 39.73 44.74 NOTE
r-release-macos-arm64 0.4.0 36.00 OK
r-release-macos-x86_64 0.4.0 47.00 OK
r-release-windows-x86_64 0.4.0 9.00 66.00 75.00 NOTE
r-oldrel-macos-arm64 0.4.0 25.00 OK
r-oldrel-macos-x86_64 0.4.0 40.00 OK
r-oldrel-windows-x86_64 0.4.0 10.00 77.00 87.00 OK

Check Details

Version: 0.4.0
Check: Rd cross-references
Result: NOTE Found the following Rd file(s) with Rd \link{} targets missing package anchors: chart_labels_text.Rd: fp_text ph_with.ms_chart.Rd: read_pptx set_theme.Rd: fp_text, fp_border Please provide package anchors for all Rd \link{} targets not in the package itself and the base packages. Flavors: r-devel-linux-x86_64-debian-clang, r-devel-linux-x86_64-debian-gcc, r-devel-windows-x86_64, r-patched-linux-x86_64, r-release-linux-x86_64, r-release-windows-x86_64