Last updated on 2025-05-12 19:51:20 CEST.
Flavor | Version | Tinstall | Tcheck | Ttotal | Status | Flags |
---|---|---|---|---|---|---|
r-devel-linux-x86_64-debian-clang | 0.0.1 | 7.17 | 62.56 | 69.73 | OK | |
r-devel-linux-x86_64-debian-gcc | 0.0.1 | 5.93 | 47.69 | 53.62 | OK | |
r-devel-linux-x86_64-fedora-clang | 0.0.2 | 114.31 | OK | |||
r-devel-linux-x86_64-fedora-gcc | 0.0.2 | 111.19 | OK | |||
r-devel-windows-x86_64 | 0.0.1 | 8.00 | 76.00 | 84.00 | OK | |
r-patched-linux-x86_64 | 0.0.1 | 7.31 | 60.31 | 67.62 | OK | |
r-release-linux-x86_64 | 0.0.1 | 7.89 | 60.62 | 68.51 | OK | |
r-release-macos-arm64 | 0.0.2 | 40.00 | OK | |||
r-release-macos-x86_64 | 0.0.1 | 70.00 | OK | |||
r-release-windows-x86_64 | 0.0.1 | 9.00 | 79.00 | 88.00 | OK | |
r-oldrel-macos-arm64 | 0.0.2 | 42.00 | OK | |||
r-oldrel-macos-x86_64 | 0.0.2 | 53.00 | ERROR | |||
r-oldrel-windows-x86_64 | 0.0.1 | 11.00 | 95.00 | 106.00 | OK |
Version: 0.0.2
Check: loading without being on the library search path
Result: WARN
Error: package ‘chi’ required by ‘mxcc’ could not be found
Execution halted
It looks like this package has a loading problem when not on .libPaths:
see the messages for details.
Flavor: r-oldrel-macos-x86_64
Version: 0.0.2
Check: PDF version of manual
Result: WARN
LaTeX errors when creating PDF version.
This typically indicates Rd problems.
LaTeX errors found:
Flavor: r-oldrel-macos-x86_64
Version: 0.0.2
Check: PDF version of manual without index
Result: ERROR
Re-running with no redirection of stdout/stderr.
Flavor: r-oldrel-macos-x86_64