Last updated on 2025-02-07 08:51:29 CET.
Flavor | Version | Tinstall | Tcheck | Ttotal | Status | Flags |
---|---|---|---|---|---|---|
r-devel-linux-x86_64-debian-clang | 0.4.0 | 127.87 | 55.90 | 183.77 | OK | |
r-devel-linux-x86_64-debian-gcc | 0.4.0 | 102.62 | 39.23 | 141.85 | OK | |
r-devel-linux-x86_64-fedora-clang | 0.4.0 | 371.62 | OK | |||
r-devel-linux-x86_64-fedora-gcc | 0.4.0 | 387.28 | OK | |||
r-devel-windows-x86_64 | 0.4.0 | 188.00 | 106.00 | 294.00 | OK | |
r-patched-linux-x86_64 | 0.4.0 | 144.77 | 53.36 | 198.13 | OK | |
r-release-linux-x86_64 | 0.4.0 | 143.18 | 53.01 | 196.19 | OK | |
r-release-macos-arm64 | 0.4.0 | 14.00 | ERROR | |||
r-release-macos-x86_64 | 0.4.0 | 20.00 | ERROR | |||
r-release-windows-x86_64 | 0.4.0 | 190.00 | 104.00 | 294.00 | OK | |
r-oldrel-macos-arm64 | 0.3.1 | 78.00 | OK | |||
r-oldrel-macos-x86_64 | 0.3.1 | 97.00 | OK | |||
r-oldrel-windows-x86_64 | 0.4.0 | 188.00 | 124.00 | 312.00 | OK |
Version: 0.4.0
Check: whether package can be installed
Result: ERROR
Installation failed.
Flavors: r-release-macos-arm64, r-release-macos-x86_64