CRAN Package Check Results for Package nat.templatebrains

Last updated on 2025-02-17 08:50:58 CET.

Flavor Version Tinstall Tcheck Ttotal Status Flags
r-devel-linux-x86_64-debian-clang 1.1 5.88 57.73 63.61 NOTE
r-devel-linux-x86_64-debian-gcc 1.1 4.85 42.91 47.76 NOTE
r-devel-linux-x86_64-fedora-clang 1.1 108.21 OK
r-devel-linux-x86_64-fedora-gcc 1.1 99.63 OK
r-devel-macos-arm64 1.1 34.00 OK
r-devel-macos-x86_64 1.1 60.00 OK
r-devel-windows-x86_64 1.1 10.00 83.00 93.00 NOTE
r-patched-linux-x86_64 1.1 12.81 54.53 67.34 OK
r-release-linux-x86_64 1.1 5.36 54.51 59.87 OK
r-release-macos-arm64 1.1 36.00 OK
r-release-macos-x86_64 1.1 55.00 OK
r-release-windows-x86_64 1.1 10.00 83.00 93.00 OK
r-oldrel-macos-arm64 1.1 34.00 OK
r-oldrel-macos-x86_64 1.1 68.00 OK
r-oldrel-windows-x86_64 1.1 12.00 110.00 122.00 OK

Check Details

Version: 1.1
Check: Rd cross-references
Result: NOTE Found the following Rd file(s) with Rd \link{} targets missing package anchors: fit_xform.Rd: xform, xyzmatrix, computeTransform fit_xform_brain.Rd: computeTransform guess_templatebrain.Rd: im3d local_reg_dir_for_url.Rd: user_data_dir xform_brain.Rd: cmtk.reformatx, xform, xformpoints, xformimage Please provide package anchors for all Rd \link{} targets not in the package itself and the base packages. Flavors: r-devel-linux-x86_64-debian-clang, r-devel-linux-x86_64-debian-gcc, r-devel-windows-x86_64