Last updated on 2025-02-07 08:51:29 CET.
Flavor | Version | Tinstall | Tcheck | Ttotal | Status | Flags |
---|---|---|---|---|---|---|
r-devel-linux-x86_64-debian-clang | 0.5.1 | 3.18 | 29.35 | 32.53 | NOTE | |
r-devel-linux-x86_64-debian-gcc | 0.5.1 | 2.47 | 22.91 | 25.38 | NOTE | |
r-devel-linux-x86_64-fedora-clang | 0.5.1 | 52.10 | OK | |||
r-devel-linux-x86_64-fedora-gcc | 0.5.1 | 48.80 | OK | |||
r-devel-windows-x86_64 | 0.5.1 | 5.00 | 50.00 | 55.00 | NOTE | |
r-patched-linux-x86_64 | 0.5.1 | 7.95 | 27.51 | 35.46 | OK | |
r-release-linux-x86_64 | 0.5.1 | 2.19 | 27.21 | 29.40 | OK | |
r-release-macos-arm64 | 0.5.1 | 22.00 | OK | |||
r-release-macos-x86_64 | 0.5.1 | 27.00 | OK | |||
r-release-windows-x86_64 | 0.5.1 | 5.00 | 48.00 | 53.00 | OK | |
r-oldrel-macos-arm64 | 0.5.1 | 20.00 | OK | |||
r-oldrel-macos-x86_64 | 0.5.1 | 33.00 | OK | |||
r-oldrel-windows-x86_64 | 0.5.1 | 5.00 | 53.00 | 58.00 | OK |
Version: 0.5.1
Check: Rd cross-references
Result: NOTE
Found the following Rd file(s) with Rd \link{} targets missing package
anchors:
install.Rd: pak
selfupdate.Rd: pak
Please provide package anchors for all Rd \link{} targets not in the
package itself and the base packages.
Flavors: r-devel-linux-x86_64-debian-clang, r-devel-linux-x86_64-debian-gcc, r-devel-windows-x86_64