Last updated on 2025-02-12 19:48:31 CET.
Flavor | Version | Tinstall | Tcheck | Ttotal | Status | Flags |
---|---|---|---|---|---|---|
r-devel-linux-x86_64-debian-clang | 1.0.3 | 2.01 | 29.98 | 31.99 | OK | |
r-devel-linux-x86_64-debian-gcc | 1.0.3 | 1.60 | 22.14 | 23.74 | OK | |
r-devel-linux-x86_64-fedora-clang | 1.0.3 | 53.63 | OK | |||
r-devel-linux-x86_64-fedora-gcc | 1.0.3 | 63.91 | OK | |||
r-devel-windows-x86_64 | 1.0.3 | 3.00 | 51.00 | 54.00 | OK | |
r-patched-linux-x86_64 | 1.0.3 | 1.93 | 28.50 | 30.43 | NOTE | |
r-release-linux-x86_64 | 1.0.3 | 1.66 | 28.37 | 30.03 | NOTE | |
r-release-macos-arm64 | 1.0.3 | 24.00 | NOTE | |||
r-release-macos-x86_64 | 1.0.3 | 45.00 | NOTE | |||
r-release-windows-x86_64 | 1.0.3 | 4.00 | 53.00 | 57.00 | NOTE | |
r-oldrel-macos-arm64 | 1.0.3 | 24.00 | NOTE | |||
r-oldrel-macos-x86_64 | 1.0.3 | 38.00 | NOTE | |||
r-oldrel-windows-x86_64 | 1.0.3 | 3.00 | 55.00 | 58.00 | NOTE |
Version: 1.0.3
Check: LazyData
Result: NOTE
'LazyData' is specified without a 'data' directory
Flavors: r-patched-linux-x86_64, r-release-linux-x86_64, r-release-macos-arm64, r-release-macos-x86_64, r-release-windows-x86_64, r-oldrel-macos-arm64, r-oldrel-macos-x86_64, r-oldrel-windows-x86_64