Last updated on 2025-05-11 19:50:23 CEST.
Flavor | Version | Tinstall | Tcheck | Ttotal | Status | Flags |
---|---|---|---|---|---|---|
r-devel-linux-x86_64-debian-clang | 0.3.1 | 7.81 | 61.16 | 68.97 | NOTE | |
r-devel-linux-x86_64-debian-gcc | 0.3.1 | 6.14 | 45.18 | 51.32 | NOTE | |
r-devel-linux-x86_64-fedora-clang | 0.3.1 | 106.87 | OK | |||
r-devel-linux-x86_64-fedora-gcc | 0.3.1 | 101.87 | OK | |||
r-devel-windows-x86_64 | 0.3.1 | 9.00 | 72.00 | 81.00 | OK | |
r-patched-linux-x86_64 | 0.3.1 | 7.34 | 57.15 | 64.49 | OK | |
r-release-linux-x86_64 | 0.3.1 | 7.19 | 56.81 | 64.00 | OK | |
r-release-macos-arm64 | 0.3.1 | 54.00 | OK | |||
r-release-macos-x86_64 | 0.3.1 | 58.00 | OK | |||
r-release-windows-x86_64 | 0.3.1 | 11.00 | 75.00 | 86.00 | OK | |
r-oldrel-macos-arm64 | 0.3.1 | 34.00 | OK | |||
r-oldrel-macos-x86_64 | 0.3.1 | 47.00 | OK | |||
r-oldrel-windows-x86_64 | 0.3.1 | 13.00 | 88.00 | 101.00 | OK |
Version: 0.3.1
Check: CRAN incoming feasibility
Result: NOTE
Maintainer: ‘Joseph Stachelek <stachel2@msu.edu>’
Package CITATION file contains call(s) to old-style personList() or
as.personList(). Please use c() on person objects instead.
Package CITATION file contains call(s) to old-style citEntry(). Please
use bibentry() instead.
Flavors: r-devel-linux-x86_64-debian-clang, r-devel-linux-x86_64-debian-gcc