Last updated on 2025-02-17 08:50:58 CET.
Flavor | Version | Tinstall | Tcheck | Ttotal | Status | Flags |
---|---|---|---|---|---|---|
r-devel-linux-x86_64-debian-clang | 0.1-1 | 14.62 | 151.05 | 165.67 | NOTE | |
r-devel-linux-x86_64-debian-gcc | 0.1-1 | 12.34 | 107.86 | 120.20 | NOTE | |
r-devel-linux-x86_64-fedora-clang | 0.1-1 | 288.44 | OK | |||
r-devel-linux-x86_64-fedora-gcc | 0.1-1 | 277.83 | OK | |||
r-devel-macos-arm64 | 0.1-1 | 77.00 | OK | |||
r-devel-macos-x86_64 | 0.1-1 | 153.00 | OK | |||
r-devel-windows-x86_64 | 0.1-1 | 20.00 | 200.00 | 220.00 | NOTE | |
r-patched-linux-x86_64 | 0.1-1 | 17.86 | 145.02 | 162.88 | OK | |
r-release-linux-x86_64 | 0.1-1 | 16.23 | 142.79 | 159.02 | OK | |
r-release-macos-arm64 | 0.1-1 | 76.00 | OK | |||
r-release-macos-x86_64 | 0.1-1 | 144.00 | OK | |||
r-release-windows-x86_64 | 0.1-1 | 20.00 | 195.00 | 215.00 | OK | |
r-oldrel-macos-arm64 | 0.1-1 | 88.00 | OK | |||
r-oldrel-macos-x86_64 | 0.1-1 | 181.00 | OK | |||
r-oldrel-windows-x86_64 | 0.1-1 | 25.00 | 204.00 | 229.00 | OK |
Version: 0.1-1
Check: Rd cross-references
Result: NOTE
Found the following Rd file(s) with Rd \link{} targets missing package
anchors:
qqplot_maha.Rd: ad.test
Please provide package anchors for all Rd \link{} targets not in the
package itself and the base packages.
Flavors: r-devel-linux-x86_64-debian-clang, r-devel-linux-x86_64-debian-gcc, r-devel-windows-x86_64
Version: 0.1-1
Check: for unstated dependencies in ‘demo’
Result: NOTE
'library' or 'require' calls not declared from:
‘QRM’ ‘microbenchmark’ ‘mvtnorm’ ‘qrmtools’ ‘quadprog’ ‘rugarch’
‘sensitivity’ ‘zoo’
Flavors: r-devel-linux-x86_64-debian-clang, r-devel-linux-x86_64-debian-gcc