Last updated on 2024-06-04 19:47:56 CEST.
Flavor | Version | Tinstall | Tcheck | Ttotal | Status | Flags |
---|---|---|---|---|---|---|
r-devel-linux-x86_64-debian-clang | 0.2.2 | 6.80 | 97.70 | 104.50 | OK | |
r-devel-linux-x86_64-debian-gcc | 0.2.2 | 4.21 | 71.16 | 75.37 | OK | |
r-devel-linux-x86_64-fedora-clang | 0.2.2 | 123.24 | NOTE | |||
r-devel-linux-x86_64-fedora-gcc | 0.2.2 | 128.08 | NOTE | |||
r-devel-windows-x86_64 | 0.2.2 | 6.00 | 92.00 | 98.00 | OK | |
r-patched-linux-x86_64 | 0.2.2 | 5.45 | 92.40 | 97.85 | OK | |
r-release-linux-x86_64 | 0.2.2 | 3.60 | 93.06 | 96.66 | OK | |
r-release-macos-arm64 | 0.2.2 | 66.00 | OK | |||
r-release-windows-x86_64 | 0.2.2 | 6.00 | 90.00 | 96.00 | OK | |
r-oldrel-macos-arm64 | 0.2.2 | 81.00 | OK | |||
r-oldrel-macos-x86_64 | 0.2.2 | 110.00 | OK | |||
r-oldrel-windows-x86_64 | 0.2.2 | 8.00 | 105.00 | 113.00 | OK |
Version: 0.2.2
Check: Rd cross-references
Result: NOTE
Undeclared package ‘sp’ in Rd xrefs
Flavor: r-devel-linux-x86_64-fedora-clang
Version: 0.2.2
Check: data for non-ASCII characters
Result: NOTE
Note: found 12 marked UTF-8 strings
Flavors: r-devel-linux-x86_64-fedora-clang, r-devel-linux-x86_64-fedora-gcc