Last updated on 2025-02-17 08:50:59 CET.
Flavor | Version | Tinstall | Tcheck | Ttotal | Status | Flags |
---|---|---|---|---|---|---|
r-devel-linux-x86_64-debian-clang | 0.2-1 | 8.56 | 72.88 | 81.44 | NOTE | |
r-devel-linux-x86_64-debian-gcc | 0.2-1 | 6.56 | 55.64 | 62.20 | NOTE | |
r-devel-linux-x86_64-fedora-clang | 0.2-1 | 128.07 | NOTE | |||
r-devel-linux-x86_64-fedora-gcc | 0.2-1 | 120.56 | NOTE | |||
r-devel-macos-arm64 | 0.2-1 | 39.00 | NOTE | |||
r-devel-macos-x86_64 | 0.2-1 | 83.00 | NOTE | |||
r-devel-windows-x86_64 | 0.2-1 | 9.00 | 83.00 | 92.00 | NOTE | |
r-patched-linux-x86_64 | 0.2-1 | 7.98 | 67.51 | 75.49 | NOTE | |
r-release-linux-x86_64 | 0.2-1 | 8.63 | 67.59 | 76.22 | NOTE | |
r-release-macos-arm64 | 0.2-1 | 36.00 | NOTE | |||
r-release-macos-x86_64 | 0.2-1 | 53.00 | NOTE | |||
r-release-windows-x86_64 | 0.2-1 | 10.00 | 86.00 | 96.00 | NOTE | |
r-oldrel-macos-arm64 | 0.2-1 | 45.00 | OK | |||
r-oldrel-macos-x86_64 | 0.2-1 | 69.00 | OK | |||
r-oldrel-windows-x86_64 | 0.2-1 | 12.00 | 102.00 | 114.00 | OK |
Version: 0.2-1
Check: Rd files
Result: NOTE
checkRd: (-1) twoby2Calibrate.Rd:84: Lost braces in \itemize; meant \describe ?
checkRd: (-1) twoby2Calibrate.Rd:85-86: Lost braces in \itemize; meant \describe ?
checkRd: (-1) twoby2Calibrate.Rd:87-92: Lost braces in \itemize; meant \describe ?
checkRd: (-1) twoby2Calibrate.Rd:97-100: Lost braces in \itemize; meant \describe ?
checkRd: (-1) twoby2Calibrate.Rd:101-103: Lost braces in \itemize; meant \describe ?
checkRd: (-1) twoby2Calibrate.Rd:104-107: Lost braces in \itemize; meant \describe ?
checkRd: (-1) twoby2Calibrate.Rd:108-110: Lost braces in \itemize; meant \describe ?
checkRd: (-1) twoby2Calibrate.Rd:111-116: Lost braces in \itemize; meant \describe ?
Flavors: r-devel-linux-x86_64-debian-clang, r-devel-linux-x86_64-debian-gcc, r-devel-linux-x86_64-fedora-clang, r-devel-linux-x86_64-fedora-gcc, r-devel-macos-arm64, r-devel-macos-x86_64, r-devel-windows-x86_64, r-patched-linux-x86_64, r-release-linux-x86_64, r-release-macos-arm64, r-release-macos-x86_64, r-release-windows-x86_64