Last updated on 2025-05-09 19:52:22 CEST.
Flavor | Version | Tinstall | Tcheck | Ttotal | Status | Flags |
---|---|---|---|---|---|---|
r-devel-linux-x86_64-debian-clang | 3.4.7 | 26.22 | 337.19 | 363.41 | NOTE | |
r-devel-linux-x86_64-debian-gcc | 3.4.7 | 15.79 | 202.89 | 218.68 | NOTE | |
r-devel-linux-x86_64-fedora-clang | 3.4.7 | 587.06 | OK | |||
r-devel-linux-x86_64-fedora-gcc | 3.4.7 | 561.72 | OK | |||
r-devel-windows-x86_64 | 3.4.7 | 27.00 | 311.00 | 338.00 | OK | |
r-patched-linux-x86_64 | 3.4.7 | 29.40 | 316.26 | 345.66 | OK | |
r-release-linux-x86_64 | 3.4.7 | 22.69 | 319.98 | 342.67 | OK | |
r-release-macos-arm64 | 3.4.7 | 133.00 | OK | |||
r-release-macos-x86_64 | 3.4.7 | 324.00 | OK | |||
r-release-windows-x86_64 | 3.4.7 | 27.00 | 310.00 | 337.00 | OK | |
r-oldrel-macos-arm64 | 3.4.7 | 128.00 | OK | |||
r-oldrel-macos-x86_64 | 3.4.7 | 379.00 | OK | |||
r-oldrel-windows-x86_64 | 3.4.7 | 33.00 | 421.00 | 454.00 | OK |
Version: 3.4.7
Check: CRAN incoming feasibility
Result: NOTE
Maintainer: ‘David W. Bapst <dwbapst@gmail.com>’
No Authors@R field in DESCRIPTION.
Please add one, modifying
Authors@R: c(person(given = c("David", "W."),
family = "Bapst",
role = c("aut", "cre"),
email = "dwbapst@gmail.com"),
person(given = c("Peter", "J."),
family = "Wagner",
role = "aut"))
as necessary.
Flavors: r-devel-linux-x86_64-debian-clang, r-devel-linux-x86_64-debian-gcc