CRAN Package Check Results for Package panelsummary

Last updated on 2025-02-17 08:50:59 CET.

Flavor Version Tinstall Tcheck Ttotal Status Flags
r-devel-linux-x86_64-debian-clang 0.1.2.1 3.75 68.32 72.07 NOTE
r-devel-linux-x86_64-debian-gcc 0.1.2.1 2.51 47.64 50.15 NOTE
r-devel-linux-x86_64-fedora-clang 0.1.2.1 121.30 NOTE
r-devel-linux-x86_64-fedora-gcc 0.1.2.1 136.98 NOTE
r-devel-macos-arm64 0.1.2.1 53.00 NOTE
r-devel-macos-x86_64 0.1.2.1 94.00 NOTE
r-devel-windows-x86_64 0.1.2.1 6.00 95.00 101.00 NOTE
r-patched-linux-x86_64 0.1.2.1 3.91 64.27 68.18 NOTE
r-release-linux-x86_64 0.1.2.1 3.04 63.31 66.35 NOTE
r-release-macos-arm64 0.1.2.1 41.00 NOTE
r-release-macos-x86_64 0.1.2.1 67.00 NOTE
r-release-windows-x86_64 0.1.2.1 6.00 86.00 92.00 NOTE
r-oldrel-macos-arm64 0.1.2.1 60.00 OK
r-oldrel-macos-x86_64 0.1.2.1 117.00 OK
r-oldrel-windows-x86_64 0.1.2.1 6.00 102.00 108.00 OK

Check Details

Version: 0.1.2.1
Check: DESCRIPTION meta-information
Result: NOTE Missing dependency on R >= 4.1.0 because package code uses the pipe |> or function shorthand \(...) syntax added in R 4.1.0. File(s) using such syntax: ‘add_panels.R’ ‘create_means.R’ ‘helper_functions.R’ ‘panelsummary.R’ ‘panelsummary_raw.R’ Flavors: r-devel-linux-x86_64-debian-clang, r-devel-linux-x86_64-debian-gcc, r-devel-linux-x86_64-fedora-clang, r-devel-linux-x86_64-fedora-gcc, r-devel-macos-x86_64, r-devel-windows-x86_64

Version: 0.1.2.1
Check: Rd files
Result: NOTE checkRd: (-1) panelsummary.Rd:112: Lost braces; missing escapes or markup? 112 | \item `"{exp(estimate) * std.error}" | ^ checkRd: (-1) panelsummary_raw.Rd:90: Lost braces; missing escapes or markup? 90 | \item `"{exp(estimate) * std.error}" | ^ Flavors: r-devel-linux-x86_64-debian-clang, r-devel-linux-x86_64-debian-gcc, r-devel-linux-x86_64-fedora-clang, r-devel-linux-x86_64-fedora-gcc, r-devel-macos-arm64, r-devel-macos-x86_64, r-devel-windows-x86_64, r-patched-linux-x86_64, r-release-linux-x86_64, r-release-macos-arm64, r-release-macos-x86_64, r-release-windows-x86_64