CRAN Package Check Results for Package personr

Last updated on 2025-05-10 19:51:04 CEST.

Flavor Version Tinstall Tcheck Ttotal Status Flags
r-devel-linux-x86_64-debian-clang 1.0.0 3.07 21.06 24.13 NOTE
r-devel-linux-x86_64-debian-gcc 1.0.0 2.16 17.29 19.45 NOTE
r-devel-linux-x86_64-fedora-clang 1.0.0 35.37 OK
r-devel-linux-x86_64-fedora-gcc 1.0.0 34.46 OK
r-devel-windows-x86_64 1.0.0 5.00 43.00 48.00 OK
r-patched-linux-x86_64 1.0.0 2.94 19.11 22.05 OK
r-release-linux-x86_64 1.0.0 2.73 19.14 21.87 OK
r-release-macos-arm64 1.0.0 17.00 OK
r-release-macos-x86_64 1.0.0 26.00 OK
r-release-windows-x86_64 1.0.0 4.00 42.00 46.00 OK
r-oldrel-macos-arm64 1.0.0 16.00 NOTE
r-oldrel-macos-x86_64 1.0.0 23.00 NOTE
r-oldrel-windows-x86_64 1.0.0 6.00 50.00 56.00 NOTE

Check Details

Version: 1.0.0
Check: CRAN incoming feasibility
Result: NOTE Maintainer: ‘Renfei Mao <renfeimao@gmail.com>’ No Authors@R field in DESCRIPTION. Please add one, modifying Authors@R: person(given = "Renfei", family = "Mao", role = c("aut", "cre"), email = "renfeimao@gmail.com") as necessary. Flavors: r-devel-linux-x86_64-debian-clang, r-devel-linux-x86_64-debian-gcc

Version: 1.0.0
Check: LazyData
Result: NOTE 'LazyData' is specified without a 'data' directory Flavors: r-oldrel-macos-arm64, r-oldrel-macos-x86_64, r-oldrel-windows-x86_64