Last updated on 2025-02-17 08:51:00 CET.
Flavor | Version | Tinstall | Tcheck | Ttotal | Status | Flags |
---|---|---|---|---|---|---|
r-devel-linux-x86_64-debian-clang | 4.10.4 | 16.03 | 208.57 | 224.60 | NOTE | |
r-devel-linux-x86_64-debian-gcc | 4.10.4 | 12.74 | 131.10 | 143.84 | NOTE | |
r-devel-linux-x86_64-fedora-clang | 4.10.4 | 346.88 | OK | |||
r-devel-linux-x86_64-fedora-gcc | 4.10.4 | 323.05 | OK | |||
r-devel-macos-arm64 | 4.10.4 | 99.00 | OK | |||
r-devel-macos-x86_64 | 4.10.4 | 221.00 | OK | |||
r-devel-windows-x86_64 | 4.10.4 | 20.00 | 188.00 | 208.00 | OK | |
r-patched-linux-x86_64 | 4.10.4 | 18.81 | 184.48 | 203.29 | OK | |
r-release-linux-x86_64 | 4.10.4 | 15.23 | 185.19 | 200.42 | OK | |
r-release-macos-arm64 | 4.10.4 | 97.00 | NOTE | |||
r-release-macos-x86_64 | 4.10.4 | 149.00 | NOTE | |||
r-release-windows-x86_64 | 4.10.4 | 20.00 | 188.00 | 208.00 | NOTE | |
r-oldrel-macos-arm64 | 4.10.4 | 95.00 | NOTE | |||
r-oldrel-macos-x86_64 | 4.10.4 | 198.00 | NOTE | |||
r-oldrel-windows-x86_64 | 4.10.4 | 25.00 | 252.00 | 277.00 | NOTE |
Version: 4.10.4
Check: for unstated dependencies in ‘demo’
Result: NOTE
'::' or ':::' imports not declared from:
‘DT’ ‘geojsonio’
'library' or 'require' calls not declared from:
‘gapminder’ ‘leaflet’ ‘tourr’
Flavors: r-devel-linux-x86_64-debian-clang, r-devel-linux-x86_64-debian-gcc
Version: 4.10.4
Check: installed package size
Result: NOTE
installed size is 7.0Mb
sub-directories of 1Mb or more:
R 1.0Mb
htmlwidgets 4.0Mb
Flavors: r-release-macos-arm64, r-release-macos-x86_64, r-release-windows-x86_64, r-oldrel-macos-arm64, r-oldrel-macos-x86_64, r-oldrel-windows-x86_64