Last updated on 2025-04-16 08:51:35 CEST.
Flavor | Version | Tinstall | Tcheck | Ttotal | Status | Flags |
---|---|---|---|---|---|---|
r-devel-linux-x86_64-debian-clang | 1.6.0.1 | 3.53 | 42.17 | 45.70 | NOTE | |
r-devel-linux-x86_64-debian-gcc | 1.6.0.1 | 2.69 | 31.78 | 34.47 | NOTE | |
r-devel-linux-x86_64-fedora-clang | 1.6.0.1 | 72.48 | NOTE | |||
r-devel-linux-x86_64-fedora-gcc | 1.6.0.1 | 72.24 | NOTE | |||
r-devel-windows-x86_64 | 1.6.0.1 | 7.00 | 70.00 | 77.00 | NOTE | |
r-patched-linux-x86_64 | 1.6.0.1 | 3.12 | 41.75 | 44.87 | NOTE | |
r-release-linux-x86_64 | 1.6.0.1 | 3.60 | 41.25 | 44.85 | NOTE | |
r-release-macos-arm64 | 1.6.0.1 | 27.00 | NOTE | |||
r-release-macos-x86_64 | 1.6.0.1 | 46.00 | NOTE | |||
r-release-windows-x86_64 | 1.6.0.1 | 7.00 | 71.00 | 78.00 | NOTE | |
r-oldrel-macos-arm64 | 1.6.0.1 | 25.00 | NOTE | |||
r-oldrel-macos-x86_64 | 1.6.0.1 | 38.00 | NOTE | |||
r-oldrel-windows-x86_64 | 1.6.0.1 | 7.00 | 81.00 | 88.00 | NOTE |
Version: 1.6.0.1
Check: Rd files
Result: NOTE
checkRd: (-1) carcinoma.Rd:8: Escaped LaTeX specials: \&
checkRd: (-1) poLCA.Rd:63: Escaped LaTeX specials: \&
checkRd: (-1) poLCA.Rd:69: Escaped LaTeX specials: \&
Flavors: r-devel-linux-x86_64-debian-clang, r-devel-linux-x86_64-debian-gcc, r-devel-linux-x86_64-fedora-clang, r-devel-linux-x86_64-fedora-gcc, r-devel-windows-x86_64, r-patched-linux-x86_64, r-release-linux-x86_64, r-release-macos-arm64, r-release-macos-x86_64, r-release-windows-x86_64, r-oldrel-macos-arm64, r-oldrel-macos-x86_64, r-oldrel-windows-x86_64