Last updated on 2025-02-17 08:51:00 CET.
Flavor | Version | Tinstall | Tcheck | Ttotal | Status | Flags |
---|---|---|---|---|---|---|
r-devel-linux-x86_64-debian-clang | 0.1.1 | 1.67 | 23.68 | 25.35 | OK | |
r-devel-linux-x86_64-debian-gcc | 0.1.1 | 1.34 | 18.38 | 19.72 | OK | |
r-devel-linux-x86_64-fedora-clang | 0.1.1 | 41.47 | OK | |||
r-devel-linux-x86_64-fedora-gcc | 0.1.1 | 38.80 | OK | |||
r-devel-macos-arm64 | 0.1.1 | 17.00 | OK | |||
r-devel-macos-x86_64 | 0.1.1 | 34.00 | OK | |||
r-devel-windows-x86_64 | 0.1.1 | 3.00 | 48.00 | 51.00 | OK | |
r-patched-linux-x86_64 | 0.1.1 | 1.61 | 22.93 | 24.54 | NOTE | |
r-release-linux-x86_64 | 0.1.1 | 1.37 | 23.12 | 24.49 | NOTE | |
r-release-macos-arm64 | 0.1.1 | 18.00 | NOTE | |||
r-release-macos-x86_64 | 0.1.1 | 31.00 | NOTE | |||
r-release-windows-x86_64 | 0.1.1 | 3.00 | 46.00 | 49.00 | NOTE | |
r-oldrel-macos-arm64 | 0.1.1 | 19.00 | NOTE | |||
r-oldrel-macos-x86_64 | 0.1.1 | 28.00 | NOTE | |||
r-oldrel-windows-x86_64 | 0.1.1 | 2.00 | 79.00 | 81.00 | NOTE |
Version: 0.1.1
Check: LazyData
Result: NOTE
'LazyData' is specified without a 'data' directory
Flavors: r-patched-linux-x86_64, r-release-linux-x86_64, r-release-macos-arm64, r-release-macos-x86_64, r-release-windows-x86_64, r-oldrel-macos-arm64, r-oldrel-macos-x86_64, r-oldrel-windows-x86_64