Last updated on 2024-06-04 19:47:57 CEST.
Flavor | Version | Tinstall | Tcheck | Ttotal | Status | Flags |
---|---|---|---|---|---|---|
r-devel-linux-x86_64-debian-clang | 0.3-5 | 8.33 | 63.53 | 71.86 | NOTE | |
r-devel-linux-x86_64-debian-gcc | 0.3-5 | 5.78 | 46.88 | 52.66 | NOTE | |
r-devel-linux-x86_64-fedora-clang | 0.3-5 | 88.14 | NOTE | |||
r-devel-linux-x86_64-fedora-gcc | 0.3-5 | 82.33 | NOTE | |||
r-devel-windows-x86_64 | 0.3-5 | 9.00 | 66.00 | 75.00 | NOTE | |
r-patched-linux-x86_64 | 0.3-5 | 8.34 | 60.13 | 68.47 | NOTE | |
r-release-linux-x86_64 | 0.3-5 | 7.35 | 59.78 | 67.13 | NOTE | |
r-release-macos-arm64 | 0.3-5 | 27.00 | NOTE | |||
r-release-windows-x86_64 | 0.3-5 | 8.00 | 66.00 | 74.00 | NOTE | |
r-oldrel-macos-arm64 | 0.3-5 | 29.00 | OK | |||
r-oldrel-macos-x86_64 | 0.3-5 | 42.00 | OK | |||
r-oldrel-windows-x86_64 | 0.3-5 | 10.00 | 76.00 | 86.00 | OK |
Version: 0.3-5
Check: Rd files
Result: NOTE
checkRd: (-1) PS.Rd:9: Lost braces
9 | \item{CD}{}{Character disorder scale score}
| ^
Flavors: r-devel-linux-x86_64-debian-clang, r-devel-linux-x86_64-debian-gcc, r-devel-linux-x86_64-fedora-clang, r-devel-linux-x86_64-fedora-gcc, r-devel-windows-x86_64, r-patched-linux-x86_64, r-release-linux-x86_64, r-release-macos-arm64, r-release-windows-x86_64