Last updated on 2025-05-10 08:50:47 CEST.
Flavor | Version | Tinstall | Tcheck | Ttotal | Status | Flags |
---|---|---|---|---|---|---|
r-devel-linux-x86_64-debian-clang | 0.0.4.0 | 14.51 | 125.09 | 139.60 | OK | |
r-devel-linux-x86_64-debian-gcc | 0.0.4.0 | 9.79 | 88.94 | 98.73 | OK | |
r-devel-linux-x86_64-fedora-clang | 0.0.4.0 | 235.37 | OK | |||
r-devel-linux-x86_64-fedora-gcc | 0.0.4.0 | 244.60 | OK | |||
r-devel-windows-x86_64 | 0.0.4.0 | 18.00 | 160.00 | 178.00 | OK | |
r-patched-linux-x86_64 | 0.0.4.0 | 16.95 | 117.60 | 134.55 | OK | |
r-release-linux-x86_64 | 0.0.4.0 | 13.80 | 119.62 | 133.42 | OK | |
r-release-macos-arm64 | 0.0.4.0 | 77.00 | OK | |||
r-release-macos-x86_64 | 0.0.4.0 | 148.00 | OK | |||
r-release-windows-x86_64 | 0.0.4.0 | 17.00 | 162.00 | 179.00 | OK | |
r-oldrel-macos-arm64 | 0.0.4.0 | 71.00 | NOTE | |||
r-oldrel-macos-x86_64 | 0.0.4.0 | 145.00 | NOTE | |||
r-oldrel-windows-x86_64 | 0.0.4.0 | 22.00 | 190.00 | 212.00 | NOTE |
Version: 0.0.4.0
Check: package dependencies
Result: NOTE
Package suggested but not available for checking: ‘cmdstanr’
Flavors: r-oldrel-macos-arm64, r-oldrel-macos-x86_64, r-oldrel-windows-x86_64
Version: 0.0.4.0
Check: installed package size
Result: NOTE
installed size is 5.4Mb
sub-directories of 1Mb or more:
doc 3.9Mb
Flavors: r-oldrel-macos-arm64, r-oldrel-macos-x86_64, r-oldrel-windows-x86_64