Last updated on 2025-02-25 08:52:01 CET.
Flavor | Version | Tinstall | Tcheck | Ttotal | Status | Flags |
---|---|---|---|---|---|---|
r-devel-linux-x86_64-debian-clang | 1.0.2 | 4.52 | 34.63 | 39.15 | NOTE | |
r-devel-linux-x86_64-debian-gcc | 1.0.2 | 3.39 | 25.34 | 28.73 | NOTE | |
r-devel-linux-x86_64-fedora-clang | 1.0.2 | 63.42 | NOTE | |||
r-devel-linux-x86_64-fedora-gcc | 1.0.2 | 58.19 | NOTE | |||
r-devel-macos-arm64 | 1.0.2 | 37.00 | OK | |||
r-devel-macos-x86_64 | 1.0.2 | 45.00 | NOTE | |||
r-devel-windows-x86_64 | 1.0.2 | 7.00 | 61.00 | 68.00 | NOTE | |
r-patched-linux-x86_64 | 1.0.2 | 4.35 | 32.55 | 36.90 | OK | |
r-release-linux-x86_64 | 1.0.2 | 3.99 | 32.13 | 36.12 | OK | |
r-release-macos-arm64 | 1.0.2 | 31.00 | OK | |||
r-release-macos-x86_64 | 1.0.2 | 59.00 | OK | |||
r-release-windows-x86_64 | 1.0.2 | 7.00 | 64.00 | 71.00 | OK | |
r-oldrel-macos-arm64 | 1.0.2 | OK | ||||
r-oldrel-macos-x86_64 | 1.0.2 | 50.00 | OK | |||
r-oldrel-windows-x86_64 | 1.0.2 | 7.00 | 63.00 | 70.00 | OK |
Version: 1.0.2
Check: DESCRIPTION meta-information
Result: NOTE
Missing dependency on R >= 4.1.0 because package code uses the pipe
|> or function shorthand \(...) syntax added in R 4.1.0.
File(s) using such syntax:
‘source_pmc.R’ ‘source_pubmed.R’ ‘source_pubtations.R’
Flavors: r-devel-linux-x86_64-debian-clang, r-devel-linux-x86_64-debian-gcc, r-devel-linux-x86_64-fedora-clang, r-devel-linux-x86_64-fedora-gcc, r-devel-macos-x86_64, r-devel-windows-x86_64